{"id":7923,"date":"2019-10-24T18:00:36","date_gmt":"2019-10-24T18:00:36","guid":{"rendered":"https:\/\/mantonesdelsur.com\/?post_type=product&#038;p=7923"},"modified":"2025-07-09T20:36:43","modified_gmt":"2025-07-09T20:36:43","slug":"mantilla-de-encaje-en-bolillos-mn091","status":"publish","type":"product","link":"https:\/\/mantonesdelsur.com\/en\/producto\/sin-categorizar\/mantilla-de-encaje-en-bolillos-mn091\/","title":{"rendered":"Mantilla de encaje en Bolillos (MN091)"},"content":{"rendered":"","protected":false},"excerpt":{"rendered":"<p style=\"text-align: justify\">Magn\u00edfico velo de encaje en bolillos de finales del Siglo XIX o principios del Siglo XX. El dise\u00f1o \u00fanico y maravilloso.<br \/>\nSu tem\u00e1tica es de roleos circulares y ovalados con cajetines cuadrados, teniendo todo el\u00a0 borde rematado en blondas que enmarcan los encajes de bolillos realizados a mano en ovalos y circulos, teniendo en los centros de los mismos una peque\u00f1a flor, y hacienda cintas en la uni\u00f3n de cada una que se van entrelazando como una guirnalda, El panel centarl simple y liso de tul de algodon, con ciertos elementos decorativos en la cola que termina de manera semi-circula. El velo tiene forma de lagrima, mas estrecho por la cabeza y se va ensamnchando por la cola terminando en forma redonda. Una obra de arte y refinamiento.\u00a0 Muy buen estado de conservaci\u00f3n.<\/p>\n<p style=\"text-align: justify\">Sus medidas aproximadas son 260 cm de largo por 150\u00a0 cm de ancho<\/p>\n<p>[contact-form][contact-field label=&#8221;Nombre&#8221; type=&#8221;name&#8221;  required=&#8221;true&#8221; \/][contact-field label=&#8221;Correo electr\u00f3nico&#8221; type=&#8221;email&#8221; required=&#8221;true&#8221; \/][contact-field label=&#8221;Mensaje&#8221; type=&#8221;textarea&#8221; \/][\/contact-form]<\/p>\n","protected":false},"featured_media":34173,"template":"","meta":[],"product_brand":[],"product_cat":[14],"product_tag":[61,41,102,111,104,109,108,110,40,46,45,48,42,47,44,131,143,103,148,105,112,116,107,144,113],"class_list":["post-7923","product","type-product","status-publish","has-post-thumbnail","product_cat-mantillas-y-velos","product_tag-encaje-granadino","product_tag-manila","product_tag-mantilla","product_tag-mantilla-blonda","product_tag-mantilla-bruselas","product_tag-mantilla-encaje","product_tag-mantilla-encaje-bruselas","product_tag-mantilla-velo","product_tag-manton","product_tag-manton-bordado","product_tag-manton-de-manila","product_tag-manton-manila-antiguo","product_tag-mantones","product_tag-mantones-antiguos","product_tag-mantones-de-manila","product_tag-velo-antiguo","product_tag-velo-de-encaje-antiguo","product_tag-velo-de-novia","product_tag-velo-de-novia-antiguo","product_tag-velo-encaje","product_tag-velo-novia","product_tag-velo-novia-encaje","product_tag-velo-novia-encaje-bruselas","product_tag-velo-tul","product_tag-velo-tul-seda","first","instock","sold-individually","taxable","shipping-taxable","purchasable","product-type-simple"],"_links":{"self":[{"href":"https:\/\/mantonesdelsur.com\/en\/wp-json\/wp\/v2\/product\/7923","targetHints":{"allow":["GET"]}}],"collection":[{"href":"https:\/\/mantonesdelsur.com\/en\/wp-json\/wp\/v2\/product"}],"about":[{"href":"https:\/\/mantonesdelsur.com\/en\/wp-json\/wp\/v2\/types\/product"}],"wp:featuredmedia":[{"embeddable":true,"href":"https:\/\/mantonesdelsur.com\/en\/wp-json\/wp\/v2\/media\/34173"}],"wp:attachment":[{"href":"https:\/\/mantonesdelsur.com\/en\/wp-json\/wp\/v2\/media?parent=7923"}],"wp:term":[{"taxonomy":"product_brand","embeddable":true,"href":"https:\/\/mantonesdelsur.com\/en\/wp-json\/wp\/v2\/product_brand?post=7923"},{"taxonomy":"product_cat","embeddable":true,"href":"https:\/\/mantonesdelsur.com\/en\/wp-json\/wp\/v2\/product_cat?post=7923"},{"taxonomy":"product_tag","embeddable":true,"href":"https:\/\/mantonesdelsur.com\/en\/wp-json\/wp\/v2\/product_tag?post=7923"}],"curies":[{"name":"wp","href":"https:\/\/api.w.org\/{rel}","templated":true}]}}

<p style="text-align: justify">Magnífico velo de encaje en bolillos de finales del Siglo XIX o principios del Siglo XX. El diseño único y maravilloso.<br />
Su temática es de roleos circulares y ovalados con cajetines cuadrados, teniendo todo el  borde rematado en blondas que enmarcan los encajes de bolillos realizados a mano en ovalos y circulos, teniendo en los centros de los mismos una pequeña flor, y hacienda cintas en la unión de cada una que se van entrelazando como una guirnalda, El panel centarl simple y liso de tul de algodon, con ciertos elementos decorativos en la cola que termina de manera semi-circula. El velo tiene forma de lagrima, mas estrecho por la cabeza y se va ensamnchando por la cola terminando en forma redonda. Una obra de arte y refinamiento.  Muy buen estado de conservación.</p>
<p style="text-align: justify">Sus medidas aproximadas son 260 cm de largo por 150  cm de ancho</p>
<p>[contact-form][contact-field label=&#8221;Nombre&#8221; type=&#8221;name&#8221;  required=&#8221;true&#8221; /][contact-field label=&#8221;Correo electrónico&#8221; type=&#8221;email&#8221; required=&#8221;true&#8221; /][contact-field label=&#8221;Mensaje&#8221; type=&#8221;textarea&#8221; /][/contact-form]</p>
