{"id":7333,"date":"2019-08-27T08:53:42","date_gmt":"2019-08-27T08:53:42","guid":{"rendered":"https:\/\/mantonesdelsur.com\/?post_type=product&#038;p=7333"},"modified":"2026-08-08T11:18:23","modified_gmt":"2026-08-08T11:18:23","slug":"manton-chal-lame-art-deco-m110","status":"publish","type":"product","link":"https:\/\/mantonesdelsur.com\/en\/producto\/art-deco-en\/manton-chal-lame-art-deco-m110\/","title":{"rendered":"Mant\u00f3n Chal Lame Art Deco (M110)"},"content":{"rendered":"","protected":false},"excerpt":{"rendered":"<p style=\"text-align: justify\">Espectacular Mant\u00f3n\/Chal Art Deco de los a\u00f1os 20 (1925) de lam\u00e9 dorado en fin\u00edsima seda color verde\u00a0 hierba.\u00a0 Con dise\u00f1o geom\u00e9trico de hojas de palma, estando la seda y el lam\u00e9 (laminas) en perfecto estado de conservaci\u00f3n, sin que el paso de los a\u00f1os hubiese oscurecidos el dorado.<\/p>\n<p>Este suntuoso tejido\u00a0 tiene su origen en las artes visuales en Par\u00eds (Francia) en 1925, con la Exposici\u00f3n Internacional Universal de las Artes Decorativas, donde surgi\u00f3 el Art Dec\u00f3<\/p>\n<p>Teniendo el dise\u00f1o de este tejido influencia obviamente de los artistas que actuaron durante este periodo, por lo que es dificil encontrar un mant\u00f3n-chal de estas caracter\u00edsticas en muy buen estado de conservaci\u00f3n, ya que fueron prendas elaboradas para un sector del p\u00fablico de nivel elevado y con un gusto marcado por las corrientes imperantes en la \u00e9poca, que no fueron aceptadas por la mayor\u00eda.<\/p>\n<p>El chal es rectangular, y por todos sus lados del tiene flecos y macram\u00e9 anudados a mano, con hilos de seda de verde con reflejos dorados que se est\u00e1 restaurando. Su estado de conservaci\u00f3n es excelente.<\/p>\n<p style=\"text-align: justify\">Sus medidas son 190 cm por 100 cm m\u00e1s 50 cm de flecos y macrame.<\/p>\n","protected":false},"featured_media":23917,"template":"","meta":[],"product_brand":[],"product_cat":[100,17,16,66],"product_tag":[41,40,46,49,45,48,64,63,42,47,44],"class_list":["post-7333","product","type-product","status-publish","has-post-thumbnail","product_cat-art-deco","product_cat-chal-bordado","product_cat-manton-de-manila","product_cat-textil-antiguo","product_tag-manila","product_tag-manton","product_tag-manton-bordado","product_tag-manton-de-flamenca","product_tag-manton-de-manila","product_tag-manton-manila-antiguo","product_tag-mantoncillo-gitana","product_tag-mantoncillo-para-traje-de-gitana","product_tag-mantones","product_tag-mantones-antiguos","product_tag-mantones-de-manila","first","instock","sold-individually","taxable","shipping-taxable","purchasable","product-type-simple"],"_links":{"self":[{"href":"https:\/\/mantonesdelsur.com\/en\/wp-json\/wp\/v2\/product\/7333","targetHints":{"allow":["GET"]}}],"collection":[{"href":"https:\/\/mantonesdelsur.com\/en\/wp-json\/wp\/v2\/product"}],"about":[{"href":"https:\/\/mantonesdelsur.com\/en\/wp-json\/wp\/v2\/types\/product"}],"wp:featuredmedia":[{"embeddable":true,"href":"https:\/\/mantonesdelsur.com\/en\/wp-json\/wp\/v2\/media\/23917"}],"wp:attachment":[{"href":"https:\/\/mantonesdelsur.com\/en\/wp-json\/wp\/v2\/media?parent=7333"}],"wp:term":[{"taxonomy":"product_brand","embeddable":true,"href":"https:\/\/mantonesdelsur.com\/en\/wp-json\/wp\/v2\/product_brand?post=7333"},{"taxonomy":"product_cat","embeddable":true,"href":"https:\/\/mantonesdelsur.com\/en\/wp-json\/wp\/v2\/product_cat?post=7333"},{"taxonomy":"product_tag","embeddable":true,"href":"https:\/\/mantonesdelsur.com\/en\/wp-json\/wp\/v2\/product_tag?post=7333"}],"curies":[{"name":"wp","href":"https:\/\/api.w.org\/{rel}","templated":true}]}}

Mantón Chal Lame Art Deco (M110)

<p style="text-align: justify">Espectacular Mantón/Chal Art Deco de los años 20 (1925) de lamé dorado en finísima seda color verde  hierba.  Con diseño geométrico de hojas de palma, estando la seda y el lamé (laminas) en perfecto estado de conservación, sin que el paso de los años hubiese oscurecidos el dorado.</p>
<p>Este suntuoso tejido  tiene su origen en las artes visuales en París (Francia) en 1925, con la Exposición Internacional Universal de las Artes Decorativas, donde surgió el Art Decó</p>
<p>Teniendo el diseño de este tejido influencia obviamente de los artistas que actuaron durante este periodo, por lo que es dificil encontrar un mantón-chal de estas características en muy buen estado de conservación, ya que fueron prendas elaboradas para un sector del público de nivel elevado y con un gusto marcado por las corrientes imperantes en la época, que no fueron aceptadas por la mayoría.</p>
<p>El chal es rectangular, y por todos sus lados del tiene flecos y macramé anudados a mano, con hilos de seda de verde con reflejos dorados que se está restaurando. Su estado de conservación es excelente.</p>
<p style="text-align: justify">Sus medidas son 190 cm por 100 cm más 50 cm de flecos y macrame.</p>
