{"id":7038,"date":"2019-07-03T19:31:33","date_gmt":"2019-07-03T19:31:33","guid":{"rendered":"https:\/\/mantonesdelsur.com\/?post_type=product&#038;p=7038"},"modified":"2026-03-31T22:17:15","modified_gmt":"2026-03-31T22:17:15","slug":"manton-de-manila-isabelino-de-nina-m013","status":"publish","type":"product","link":"https:\/\/mantonesdelsur.com\/en\/producto\/canton-shawls\/manton-de-manila-isabelino-de-nina-m013\/","title":{"rendered":"Mant\u00f3n de Manila Isabelino de ni\u00f1a (M013)"},"content":{"rendered":"","protected":false},"excerpt":{"rendered":"<p style=\"text-align: justify\">Espectacular mant\u00f3n de Manila de talle\u00a0 antiguo de finales del siglo XIX, de \u00e9poca Isabelina, bordado a mano en seda\u00a0 con fondo negro. Motivos de flores , hojas, ramas y follaje, destacando el bordado en el pa\u00f1o central.\u00a0 Su composici\u00f3n es de una cenefa peque\u00f1a de hojas entrelazadas y una cenefa mas ancha\u00a0 con ramas, guirnaldas y flores. Todo el pa\u00f1o central bordado como una amalgama de flores, hojas y ramas, teniendo un medall\u00f3n central con racimos de uvas.<\/p>\n<p style=\"text-align: justify\">Est\u00e1 bordado en hilo de seda beige, teniendo los flecos y en enrejado en color beige anudados a mano. Se encuentra en buen estado de conservaci\u00f3n y es un mant\u00f3n con una tonalidad muy actual y elegante, a pesar de los a\u00f1os que tiene. Ligero de peso, f\u00e1cil y c\u00f3modo de manejar. Es un mat\u00f3n de talle, por lo que es peque\u00f1o.<\/p>\n<p>Las medidas aproximadas son de 110 cm por 110 cm, m\u00e1s 40 cm de enrejado y\u00a0 flecos.<\/p>\n","protected":false},"featured_media":39074,"template":"","meta":[],"product_brand":[],"product_cat":[16,96],"product_tag":[41,40,46,49,45,48,60,42,47,44],"class_list":["post-7038","product","type-product","status-publish","has-post-thumbnail","product_cat-manton-de-manila","product_cat-mantoncillo-de-feria","product_tag-manila","product_tag-manton","product_tag-manton-bordado","product_tag-manton-de-flamenca","product_tag-manton-de-manila","product_tag-manton-manila-antiguo","product_tag-manton-vintage","product_tag-mantones","product_tag-mantones-antiguos","product_tag-mantones-de-manila","first","instock","taxable","shipping-taxable","purchasable","product-type-simple"],"_links":{"self":[{"href":"https:\/\/mantonesdelsur.com\/en\/wp-json\/wp\/v2\/product\/7038","targetHints":{"allow":["GET"]}}],"collection":[{"href":"https:\/\/mantonesdelsur.com\/en\/wp-json\/wp\/v2\/product"}],"about":[{"href":"https:\/\/mantonesdelsur.com\/en\/wp-json\/wp\/v2\/types\/product"}],"wp:featuredmedia":[{"embeddable":true,"href":"https:\/\/mantonesdelsur.com\/en\/wp-json\/wp\/v2\/media\/39074"}],"wp:attachment":[{"href":"https:\/\/mantonesdelsur.com\/en\/wp-json\/wp\/v2\/media?parent=7038"}],"wp:term":[{"taxonomy":"product_brand","embeddable":true,"href":"https:\/\/mantonesdelsur.com\/en\/wp-json\/wp\/v2\/product_brand?post=7038"},{"taxonomy":"product_cat","embeddable":true,"href":"https:\/\/mantonesdelsur.com\/en\/wp-json\/wp\/v2\/product_cat?post=7038"},{"taxonomy":"product_tag","embeddable":true,"href":"https:\/\/mantonesdelsur.com\/en\/wp-json\/wp\/v2\/product_tag?post=7038"}],"curies":[{"name":"wp","href":"https:\/\/api.w.org\/{rel}","templated":true}]}}

Mantón de Manila Isabelino de niña (M013)

<p style="text-align: justify">Espectacular mantón de Manila de talle  antiguo de finales del siglo XIX, de época Isabelina, bordado a mano en seda  con fondo negro. Motivos de flores , hojas, ramas y follaje, destacando el bordado en el paño central.  Su composición es de una cenefa pequeña de hojas entrelazadas y una cenefa mas ancha  con ramas, guirnaldas y flores. Todo el paño central bordado como una amalgama de flores, hojas y ramas, teniendo un medallón central con racimos de uvas.</p>
<p style="text-align: justify">Está bordado en hilo de seda beige, teniendo los flecos y en enrejado en color beige anudados a mano. Se encuentra en buen estado de conservación y es un mantón con una tonalidad muy actual y elegante, a pesar de los años que tiene. Ligero de peso, fácil y cómodo de manejar. Es un matón de talle, por lo que es pequeño.</p>
<p>Las medidas aproximadas son de 110 cm por 110 cm, más 40 cm de enrejado y  flecos.</p>
