{"id":6153,"date":"2019-03-30T20:07:54","date_gmt":"2019-03-30T20:07:54","guid":{"rendered":"https:\/\/mantonesdelsur.com\/?post_type=product&#038;p=6153"},"modified":"2026-03-31T22:15:59","modified_gmt":"2026-03-31T22:15:59","slug":"mantoncillo-de-feria-mt017","status":"publish","type":"product","link":"https:\/\/mantonesdelsur.com\/en\/producto\/fair-shawl\/mantoncillo-de-feria-mt017\/","title":{"rendered":"Mantoncillo de Feria (MT017)"},"content":{"rendered":"","protected":false},"excerpt":{"rendered":"<p style=\"text-align: justify\">Antiguo mantoncillo de feria Isabelino del \u00faltimo tercio del siglo XIX (sobre 1880). Bordado en colores sobre fondo de &#8220;ala de mosca&#8221;, con un motivo de flores, p\u00e1jaros del para\u00edso. mqariposa y pi\u00f1a..<\/p>\n<p style=\"text-align: justify\">&#8220;LOS MANTONES ALA DE MOSCA&#8221;<br \/>\nSon pr\u00e1cticamente de los m\u00e1s antiguos que se conservan y tienen el fleco ligero como corresponde a su antig\u00fcedad. Tiene de original que en esta \u00e9poca a\u00fan se teje la seda en telar manual en China. La tonalidad de estos mantones es pr\u00e1cticamente la misma en todos: fondo marr\u00f3n con predominio de tonos coral. Este va bordado solo en los \u00e1ngulos y el resto tiene flores salpicadas recordando aun los bordados imperio pues no se olvide que los mantones aunque de procedencia China se bordaban all\u00ed para exportaci\u00f3n, \u00a0siguiendo algunas pautas occidentales. La seda es ligera y se le ven al trasluz las pasadas del telar manual. &#8220;<\/p>\n<p style=\"text-align: justify\">Se encuentra totalmente restaurado,\u00a0 con surcidos y remiendos, pero perfectamente utilizable y estando mejor conservado en las zonas bordadas. Con sus faltas y agujeros cogidas y cosidos. Su tem\u00e1tica es flores de colores con p\u00e1jaro, pi\u00f1a y mariposas, siendo bordado en colores brillantes (rosa, verdes, azul, cardenal, naranja, amarillo, malva, blanco, etc.) . Un mant\u00f3n con macram\u00e9 y flecos anudado a mano.<\/p>\n<p>&nbsp;<\/p>\n","protected":false},"featured_media":6155,"template":"","meta":[],"product_brand":[],"product_cat":[96],"product_tag":[41,40,46,49,45,48,42,47,44],"class_list":["post-6153","product","type-product","status-publish","has-post-thumbnail","product_cat-mantoncillo-de-feria","product_tag-manila","product_tag-manton","product_tag-manton-bordado","product_tag-manton-de-flamenca","product_tag-manton-de-manila","product_tag-manton-manila-antiguo","product_tag-mantones","product_tag-mantones-antiguos","product_tag-mantones-de-manila","first","instock","sold-individually","taxable","shipping-taxable","product-type-simple"],"_links":{"self":[{"href":"https:\/\/mantonesdelsur.com\/en\/wp-json\/wp\/v2\/product\/6153","targetHints":{"allow":["GET"]}}],"collection":[{"href":"https:\/\/mantonesdelsur.com\/en\/wp-json\/wp\/v2\/product"}],"about":[{"href":"https:\/\/mantonesdelsur.com\/en\/wp-json\/wp\/v2\/types\/product"}],"wp:featuredmedia":[{"embeddable":true,"href":"https:\/\/mantonesdelsur.com\/en\/wp-json\/wp\/v2\/media\/6155"}],"wp:attachment":[{"href":"https:\/\/mantonesdelsur.com\/en\/wp-json\/wp\/v2\/media?parent=6153"}],"wp:term":[{"taxonomy":"product_brand","embeddable":true,"href":"https:\/\/mantonesdelsur.com\/en\/wp-json\/wp\/v2\/product_brand?post=6153"},{"taxonomy":"product_cat","embeddable":true,"href":"https:\/\/mantonesdelsur.com\/en\/wp-json\/wp\/v2\/product_cat?post=6153"},{"taxonomy":"product_tag","embeddable":true,"href":"https:\/\/mantonesdelsur.com\/en\/wp-json\/wp\/v2\/product_tag?post=6153"}],"curies":[{"name":"wp","href":"https:\/\/api.w.org\/{rel}","templated":true}]}}

<p style="text-align: justify">Antiguo mantoncillo de feria Isabelino del último tercio del siglo XIX (sobre 1880). Bordado en colores sobre fondo de &#8220;ala de mosca&#8221;, con un motivo de flores, pájaros del paraíso. mqariposa y piña..</p>
<p style="text-align: justify">&#8220;LOS MANTONES ALA DE MOSCA&#8221;<br />
Son prácticamente de los más antiguos que se conservan y tienen el fleco ligero como corresponde a su antigüedad. Tiene de original que en esta época aún se teje la seda en telar manual en China. La tonalidad de estos mantones es prácticamente la misma en todos: fondo marrón con predominio de tonos coral. Este va bordado solo en los ángulos y el resto tiene flores salpicadas recordando aun los bordados imperio pues no se olvide que los mantones aunque de procedencia China se bordaban allí para exportación,  siguiendo algunas pautas occidentales. La seda es ligera y se le ven al trasluz las pasadas del telar manual. &#8220;</p>
<p style="text-align: justify">Se encuentra totalmente restaurado,  con surcidos y remiendos, pero perfectamente utilizable y estando mejor conservado en las zonas bordadas. Con sus faltas y agujeros cogidas y cosidos. Su temática es flores de colores con pájaro, piña y mariposas, siendo bordado en colores brillantes (rosa, verdes, azul, cardenal, naranja, amarillo, malva, blanco, etc.) . Un mantón con macramé y flecos anudado a mano.</p>
<p>&nbsp;</p>
