{"id":6022,"date":"2019-03-25T21:16:42","date_gmt":"2019-03-25T21:16:42","guid":{"rendered":"https:\/\/mantonesdelsur.com\/?post_type=product&#038;p=6022"},"modified":"2021-11-29T20:13:45","modified_gmt":"2021-11-29T20:13:45","slug":"mantilla-negra-de-encaje-en-pico-mn074","status":"publish","type":"product","link":"https:\/\/mantonesdelsur.com\/en\/producto\/sin-categorizar\/mantilla-negra-de-encaje-en-pico-mn074\/","title":{"rendered":"Mantilla negra de encaje  en pico (MN074)"},"content":{"rendered":"","protected":false},"excerpt":{"rendered":"<div>Magn\u00edfica mantilla\u00a0 negra en pico de finales del siglo XIX. Efectuada a mano, como encaje a doble punto (bolillos). El dise\u00f1o \u00fanico y maravilloso.<\/div>\n<p style=\"text-align: justify\">Su tem\u00e1tica es el caracter\u00edstico de flores, con hojas y ramas, rodeadas\u00a0 de arcos, roleos y\u00a0 guirnaldas, tiene un dibujo central de flores enmarcado en roleos y\u00a0 en los laterales una sucesi\u00f3n de hojas en disminuci\u00f3n enmarcadas con dibujos\u00a0 geom\u00e9tricos alrededor de los mismos. En el tul lleva topos esparcedidos por tada la mantilla. Buen estado de conservaci\u00f3n. Sus medidas son 280 cm por el lado m\u00e1s grande y 180 cm por los otros dos lados.<\/p>\n<p>[contact-form][contact-field label=&#8221;Nombre&#8221; type=&#8221;name&#8221;  required=&#8221;true&#8221; \/][contact-field label=&#8221;Correo electr\u00f3nico&#8221; type=&#8221;email&#8221; required=&#8221;true&#8221; \/][contact-field label=&#8221;Mensaje&#8221; type=&#8221;textarea&#8221; \/][\/contact-form]<\/p>\n","protected":false},"featured_media":21195,"template":"","meta":[],"product_brand":[],"product_cat":[14],"product_tag":[61,41,102,40,46,45,48,42,47,44],"class_list":["post-6022","product","type-product","status-publish","has-post-thumbnail","product_cat-mantillas-y-velos","product_tag-encaje-granadino","product_tag-manila","product_tag-mantilla","product_tag-manton","product_tag-manton-bordado","product_tag-manton-de-manila","product_tag-manton-manila-antiguo","product_tag-mantones","product_tag-mantones-antiguos","product_tag-mantones-de-manila","first","instock","sold-individually","taxable","shipping-taxable","purchasable","product-type-simple"],"_links":{"self":[{"href":"https:\/\/mantonesdelsur.com\/en\/wp-json\/wp\/v2\/product\/6022","targetHints":{"allow":["GET"]}}],"collection":[{"href":"https:\/\/mantonesdelsur.com\/en\/wp-json\/wp\/v2\/product"}],"about":[{"href":"https:\/\/mantonesdelsur.com\/en\/wp-json\/wp\/v2\/types\/product"}],"wp:featuredmedia":[{"embeddable":true,"href":"https:\/\/mantonesdelsur.com\/en\/wp-json\/wp\/v2\/media\/21195"}],"wp:attachment":[{"href":"https:\/\/mantonesdelsur.com\/en\/wp-json\/wp\/v2\/media?parent=6022"}],"wp:term":[{"taxonomy":"product_brand","embeddable":true,"href":"https:\/\/mantonesdelsur.com\/en\/wp-json\/wp\/v2\/product_brand?post=6022"},{"taxonomy":"product_cat","embeddable":true,"href":"https:\/\/mantonesdelsur.com\/en\/wp-json\/wp\/v2\/product_cat?post=6022"},{"taxonomy":"product_tag","embeddable":true,"href":"https:\/\/mantonesdelsur.com\/en\/wp-json\/wp\/v2\/product_tag?post=6022"}],"curies":[{"name":"wp","href":"https:\/\/api.w.org\/{rel}","templated":true}]}}

<div>Magnífica mantilla  negra en pico de finales del siglo XIX. Efectuada a mano, como encaje a doble punto (bolillos). El diseño único y maravilloso.</div>
<p style="text-align: justify">Su temática es el característico de flores, con hojas y ramas, rodeadas  de arcos, roleos y  guirnaldas, tiene un dibujo central de flores enmarcado en roleos y  en los laterales una sucesión de hojas en disminución enmarcadas con dibujos  geométricos alrededor de los mismos. En el tul lleva topos esparcedidos por tada la mantilla. Buen estado de conservación. Sus medidas son 280 cm por el lado más grande y 180 cm por los otros dos lados.</p>
<p>[contact-form][contact-field label=&#8221;Nombre&#8221; type=&#8221;name&#8221;  required=&#8221;true&#8221; /][contact-field label=&#8221;Correo electrónico&#8221; type=&#8221;email&#8221; required=&#8221;true&#8221; /][contact-field label=&#8221;Mensaje&#8221; type=&#8221;textarea&#8221; /][/contact-form]</p>
