{"id":5991,"date":"2019-03-25T20:27:33","date_gmt":"2019-03-25T20:27:33","guid":{"rendered":"https:\/\/mantonesdelsur.com\/?post_type=product&#038;p=5991"},"modified":"2023-02-11T23:59:14","modified_gmt":"2023-02-11T23:59:14","slug":"mantilla-negra-de-encaje-mn073","status":"publish","type":"product","link":"https:\/\/mantonesdelsur.com\/en\/producto\/sin-categorizar\/mantilla-negra-de-encaje-mn073\/","title":{"rendered":"Mantilla negra de encaje de Chantilly (MN073)"},"content":{"rendered":"","protected":false},"excerpt":{"rendered":"<p style=\"text-align: justify\">Fant\u00e1stica y espectacular gran mantilla\u00a0 negra en pico de encaje de Chantilly,\u00a0 de de finales del siglo XIX. Bordada a mano con la t\u00e9cnica de bolillos en algod\u00f3n. El dise\u00f1o \u00fanico y maravilloso.<br \/>\nSu tem\u00e1tica es de un medall\u00f3n central de flores y hojas. Va enmarcado por arcos de guirnaldas de hojas y ramas, separados por florecillas con su tallo y hojas, donde a su ves en las esquinas enmarcan a dos medallones m\u00e1s peque\u00f1os de ramas, hojas y flores. La terminaci\u00f3n de la cenefa en blondas de dibujos geom\u00e9tricos, con ramas y plumetti o topos por todo el resto de la mantilla. Una obra de arte y refinamiento.\u00a0 Muy buen estado de conservaci\u00f3n<\/p>\n<p style=\"text-align: justify\">Mantilla grande cuyas medidas son 280 cm por el lado m\u00e1s grande de la base y 200 cm por los otros dos lados.<\/p>\n<p>[contact-form][contact-field label=&#8221;Nombre&#8221; type=&#8221;name&#8221;  required=&#8221;true&#8221; \/][contact-field label=&#8221;Correo electr\u00f3nico&#8221; type=&#8221;email&#8221; required=&#8221;true&#8221; \/][contact-field label=&#8221;Mensaje&#8221; type=&#8221;textarea&#8221; \/][\/contact-form]<\/p>\n","protected":false},"featured_media":28952,"template":"","meta":[],"product_brand":[],"product_cat":[14],"product_tag":[61,41,102,40,46,45,48,42,47,44],"class_list":["post-5991","product","type-product","status-publish","has-post-thumbnail","product_cat-mantillas-y-velos","product_tag-encaje-granadino","product_tag-manila","product_tag-mantilla","product_tag-manton","product_tag-manton-bordado","product_tag-manton-de-manila","product_tag-manton-manila-antiguo","product_tag-mantones","product_tag-mantones-antiguos","product_tag-mantones-de-manila","first","instock","sold-individually","taxable","shipping-taxable","purchasable","product-type-simple"],"_links":{"self":[{"href":"https:\/\/mantonesdelsur.com\/en\/wp-json\/wp\/v2\/product\/5991","targetHints":{"allow":["GET"]}}],"collection":[{"href":"https:\/\/mantonesdelsur.com\/en\/wp-json\/wp\/v2\/product"}],"about":[{"href":"https:\/\/mantonesdelsur.com\/en\/wp-json\/wp\/v2\/types\/product"}],"wp:featuredmedia":[{"embeddable":true,"href":"https:\/\/mantonesdelsur.com\/en\/wp-json\/wp\/v2\/media\/28952"}],"wp:attachment":[{"href":"https:\/\/mantonesdelsur.com\/en\/wp-json\/wp\/v2\/media?parent=5991"}],"wp:term":[{"taxonomy":"product_brand","embeddable":true,"href":"https:\/\/mantonesdelsur.com\/en\/wp-json\/wp\/v2\/product_brand?post=5991"},{"taxonomy":"product_cat","embeddable":true,"href":"https:\/\/mantonesdelsur.com\/en\/wp-json\/wp\/v2\/product_cat?post=5991"},{"taxonomy":"product_tag","embeddable":true,"href":"https:\/\/mantonesdelsur.com\/en\/wp-json\/wp\/v2\/product_tag?post=5991"}],"curies":[{"name":"wp","href":"https:\/\/api.w.org\/{rel}","templated":true}]}}

<p style="text-align: justify">Fantástica y espectacular gran mantilla  negra en pico de encaje de Chantilly,  de de finales del siglo XIX. Bordada a mano con la técnica de bolillos en algodón. El diseño único y maravilloso.<br />
Su temática es de un medallón central de flores y hojas. Va enmarcado por arcos de guirnaldas de hojas y ramas, separados por florecillas con su tallo y hojas, donde a su ves en las esquinas enmarcan a dos medallones más pequeños de ramas, hojas y flores. La terminación de la cenefa en blondas de dibujos geométricos, con ramas y plumetti o topos por todo el resto de la mantilla. Una obra de arte y refinamiento.  Muy buen estado de conservación</p>
<p style="text-align: justify">Mantilla grande cuyas medidas son 280 cm por el lado más grande de la base y 200 cm por los otros dos lados.</p>
<p>[contact-form][contact-field label=&#8221;Nombre&#8221; type=&#8221;name&#8221;  required=&#8221;true&#8221; /][contact-field label=&#8221;Correo electrónico&#8221; type=&#8221;email&#8221; required=&#8221;true&#8221; /][contact-field label=&#8221;Mensaje&#8221; type=&#8221;textarea&#8221; /][/contact-form]</p>
