{"id":5713,"date":"2019-03-04T22:33:14","date_gmt":"2019-03-04T22:33:14","guid":{"rendered":"https:\/\/mantonesdelsur.com\/?post_type=product&#038;p=5713"},"modified":"2021-11-12T18:26:07","modified_gmt":"2021-11-12T18:26:07","slug":"mantilla-goyesca-de-encaje-espanol-de-blonda-mn0","status":"publish","type":"product","link":"https:\/\/mantonesdelsur.com\/en\/producto\/sin-categorizar\/mantilla-goyesca-de-encaje-espanol-de-blonda-mn0\/","title":{"rendered":"Mantilla Goyesca de encaje Espa\u00f1ol de Blonda (MN065)"},"content":{"rendered":"","protected":false},"excerpt":{"rendered":"<p style=\"text-align: justify\">Magn\u00edfica y espectacular mantilla\u00a0 negra goyesca de blonda,\u00a0 de encaje Espa\u00f1ol de principios del siglo XX, pudiendo ser de la localidad de Almagro. Bordada a mano, con un dise\u00f1o \u00fanico y maravilloso.<br \/>\nSu tem\u00e1tica es de hojas y ramas entrelazadas, formando dibujos geom\u00e9tricos. Una obra de arte y refinamiento.\u00a0 Buen estado de conservaci\u00f3n, alg\u00fan que otro peque\u00f1\u00edsimo agujero que pasa totalmente desapercibido. Se compone de dos rectangulos unidos, el mas gande y largo sigue el contorno de los brazos extendidos, el mas peque\u00f1o, encima del anterior, es para la peineta y la cabeza.<\/p>\n<p style=\"text-align: justify\">Sus medidas son<\/p>\n<p>[contact-form][contact-field label=&#8221;Nombre&#8221; type=&#8221;name&#8221;  required=&#8221;true&#8221; \/][contact-field label=&#8221;Correo electr\u00f3nico&#8221; type=&#8221;email&#8221; required=&#8221;true&#8221; \/][contact-field label=&#8221;Mensaje&#8221; type=&#8221;textarea&#8221; \/][\/contact-form]<\/p>\n","protected":false},"featured_media":5720,"template":"","meta":[],"product_brand":[],"product_cat":[14],"product_tag":[61,41,102,40,46,45,48,42,47,44],"class_list":["post-5713","product","type-product","status-publish","has-post-thumbnail","product_cat-mantillas-y-velos","product_tag-encaje-granadino","product_tag-manila","product_tag-mantilla","product_tag-manton","product_tag-manton-bordado","product_tag-manton-de-manila","product_tag-manton-manila-antiguo","product_tag-mantones","product_tag-mantones-antiguos","product_tag-mantones-de-manila","first","instock","sold-individually","taxable","shipping-taxable","purchasable","product-type-simple"],"_links":{"self":[{"href":"https:\/\/mantonesdelsur.com\/en\/wp-json\/wp\/v2\/product\/5713","targetHints":{"allow":["GET"]}}],"collection":[{"href":"https:\/\/mantonesdelsur.com\/en\/wp-json\/wp\/v2\/product"}],"about":[{"href":"https:\/\/mantonesdelsur.com\/en\/wp-json\/wp\/v2\/types\/product"}],"wp:featuredmedia":[{"embeddable":true,"href":"https:\/\/mantonesdelsur.com\/en\/wp-json\/wp\/v2\/media\/5720"}],"wp:attachment":[{"href":"https:\/\/mantonesdelsur.com\/en\/wp-json\/wp\/v2\/media?parent=5713"}],"wp:term":[{"taxonomy":"product_brand","embeddable":true,"href":"https:\/\/mantonesdelsur.com\/en\/wp-json\/wp\/v2\/product_brand?post=5713"},{"taxonomy":"product_cat","embeddable":true,"href":"https:\/\/mantonesdelsur.com\/en\/wp-json\/wp\/v2\/product_cat?post=5713"},{"taxonomy":"product_tag","embeddable":true,"href":"https:\/\/mantonesdelsur.com\/en\/wp-json\/wp\/v2\/product_tag?post=5713"}],"curies":[{"name":"wp","href":"https:\/\/api.w.org\/{rel}","templated":true}]}}

Mantilla Goyesca de encaje Español de Blonda (MN065)

<p style="text-align: justify">Magnífica y espectacular mantilla  negra goyesca de blonda,  de encaje Español de principios del siglo XX, pudiendo ser de la localidad de Almagro. Bordada a mano, con un diseño único y maravilloso.<br />
Su temática es de hojas y ramas entrelazadas, formando dibujos geométricos. Una obra de arte y refinamiento.  Buen estado de conservación, algún que otro pequeñísimo agujero que pasa totalmente desapercibido. Se compone de dos rectangulos unidos, el mas gande y largo sigue el contorno de los brazos extendidos, el mas pequeño, encima del anterior, es para la peineta y la cabeza.</p>
<p style="text-align: justify">Sus medidas son</p>
<p>[contact-form][contact-field label=&#8221;Nombre&#8221; type=&#8221;name&#8221;  required=&#8221;true&#8221; /][contact-field label=&#8221;Correo electrónico&#8221; type=&#8221;email&#8221; required=&#8221;true&#8221; /][contact-field label=&#8221;Mensaje&#8221; type=&#8221;textarea&#8221; /][/contact-form]</p>
