{"id":5493,"date":"2019-03-03T10:48:19","date_gmt":"2019-03-03T10:48:19","guid":{"rendered":"https:\/\/mantonesdelsur.com\/?post_type=product&#038;p=5493"},"modified":"2023-03-15T23:00:18","modified_gmt":"2023-03-15T23:00:18","slug":"velo-victoriano-de-novia-negro-mn052","status":"publish","type":"product","link":"https:\/\/mantonesdelsur.com\/en\/producto\/sin-categorizar\/velo-victoriano-de-novia-negro-mn052\/","title":{"rendered":"Velo Victoriano de Novia Negro (MN052)"},"content":{"rendered":"","protected":false},"excerpt":{"rendered":"<p style=\"text-align: justify\">Un magn\u00edfico velo o chal negro de \u00e9poca Victoriana del ultimo tercio del Siglo XIX,\u00a0 de tul negro de seda, con bordados en color marfil con reflejos plateados. El trabajo del bordado en el encaje est\u00e1 m\u00e1s tupido en los bordes y en las esquinas, con peque\u00f1os ramos dispersos en todo el tul y topos por doquier.<\/p>\n<p style=\"text-align: justify\">La cenefa que recorre todo el borde del velo es de flores, hojas, topos, y lleva una segunda cenefa de rombos entrelazados con una flor y\u00a0 motivos de cadenetas dentro de los mismos, que a su vez est\u00e1 enmarcado por una doble \u00a0guirnalda de hojas y flores.<\/p>\n<p style=\"text-align: justify\">En las esquinas, as\u00ed como alrededor de las cenefas lleva motivos de ramos de flores, siendo m\u00e1s abundante los bordados en cada una de las cuatro esquinas del chal o velo.<\/p>\n<p style=\"text-align: justify\">Tiene aproximadamente 203 cm por cada lado, formando un gran cuadrado, teniendo una medida en diagonal de 260 cm y se encuentra en muy buenas condiciones.<\/p>\n<p>&nbsp;<\/p>\n<p>&nbsp;<\/p>\n","protected":false},"featured_media":5494,"template":"","meta":[],"product_brand":[],"product_cat":[14],"product_tag":[102,111,109,110,137,112,138,113],"class_list":["post-5493","product","type-product","status-publish","has-post-thumbnail","product_cat-mantillas-y-velos","product_tag-mantilla","product_tag-mantilla-blonda","product_tag-mantilla-encaje","product_tag-mantilla-velo","product_tag-velo-de-novia-negro","product_tag-velo-novia","product_tag-velo-novia-victoriano","product_tag-velo-tul-seda","first","instock","sold-individually","taxable","shipping-taxable","product-type-simple"],"_links":{"self":[{"href":"https:\/\/mantonesdelsur.com\/en\/wp-json\/wp\/v2\/product\/5493","targetHints":{"allow":["GET"]}}],"collection":[{"href":"https:\/\/mantonesdelsur.com\/en\/wp-json\/wp\/v2\/product"}],"about":[{"href":"https:\/\/mantonesdelsur.com\/en\/wp-json\/wp\/v2\/types\/product"}],"wp:featuredmedia":[{"embeddable":true,"href":"https:\/\/mantonesdelsur.com\/en\/wp-json\/wp\/v2\/media\/5494"}],"wp:attachment":[{"href":"https:\/\/mantonesdelsur.com\/en\/wp-json\/wp\/v2\/media?parent=5493"}],"wp:term":[{"taxonomy":"product_brand","embeddable":true,"href":"https:\/\/mantonesdelsur.com\/en\/wp-json\/wp\/v2\/product_brand?post=5493"},{"taxonomy":"product_cat","embeddable":true,"href":"https:\/\/mantonesdelsur.com\/en\/wp-json\/wp\/v2\/product_cat?post=5493"},{"taxonomy":"product_tag","embeddable":true,"href":"https:\/\/mantonesdelsur.com\/en\/wp-json\/wp\/v2\/product_tag?post=5493"}],"curies":[{"name":"wp","href":"https:\/\/api.w.org\/{rel}","templated":true}]}}

<p style="text-align: justify">Un magnífico velo o chal negro de época Victoriana del ultimo tercio del Siglo XIX,  de tul negro de seda, con bordados en color marfil con reflejos plateados. El trabajo del bordado en el encaje está más tupido en los bordes y en las esquinas, con pequeños ramos dispersos en todo el tul y topos por doquier.</p>
<p style="text-align: justify">La cenefa que recorre todo el borde del velo es de flores, hojas, topos, y lleva una segunda cenefa de rombos entrelazados con una flor y  motivos de cadenetas dentro de los mismos, que a su vez está enmarcado por una doble  guirnalda de hojas y flores.</p>
<p style="text-align: justify">En las esquinas, así como alrededor de las cenefas lleva motivos de ramos de flores, siendo más abundante los bordados en cada una de las cuatro esquinas del chal o velo.</p>
<p style="text-align: justify">Tiene aproximadamente 203 cm por cada lado, formando un gran cuadrado, teniendo una medida en diagonal de 260 cm y se encuentra en muy buenas condiciones.</p>
<p>&nbsp;</p>
<p>&nbsp;</p>
