{"id":5286,"date":"2019-01-04T20:05:46","date_gmt":"2019-01-04T20:05:46","guid":{"rendered":"https:\/\/mantonesdelsur.com\/?post_type=product&#038;p=5286"},"modified":"2026-03-31T21:10:51","modified_gmt":"2026-03-31T21:10:51","slug":"manton-chal-de-paseo-victoriano-ch019","status":"publish","type":"product","link":"https:\/\/mantonesdelsur.com\/en\/producto\/embroidered-shawls\/manton-chal-de-paseo-victoriano-ch019\/","title":{"rendered":"Manton\/Chal de paseo Victoriano (CH019)"},"content":{"rendered":"","protected":false},"excerpt":{"rendered":"<p style=\"text-align: justify\">Magn\u00edfico MANTON-CHAL BORDADO\u00a0 de paseo Victoriano del \u00faltimo tercio del siglo XIX (aproximadamente a\u00f1o 1875). Bordado a mano sobre seda de color beige, con bordados en hilos de seda nacarado de ramos de flores con hojas en todo el borde o fest\u00f3n del mant\u00f3n. Siendo en las esquinas m\u00e1s profusamente bordados.<\/p>\n<p style=\"text-align: justify\">El motivo son rosas Tudor que es la flor nacional inglesa. Fue adoptada como el s\u00edmbolo de paz y el emblema de Inglaterra desde el tiempo de la guerra de las guerras civiles (1455-1485) entre la casa real de Lancaster (emblema de la rosa roja) y la casa real de York (con emblema de rosa blanca).<\/p>\n<p style=\"text-align: justify\">El manton de paseo, muy de moda en las estaciones\u00a0 de primavera y verano, esta la seda realizada manualmente en tela.<\/p>\n<p style=\"text-align: justify\">Con macram\u00e9 y flecos anudado a mano muy cortos, lo que indica su antig\u00fcedad. Buen estado de conservaci\u00f3n a pesar de ser un textil con muchos a\u00f1os.<\/p>\n<p style=\"text-align: justify\">Sus medidas son 125 cm por 130 cm mas flecos y macrame 20 cm<\/p>\n","protected":false},"featured_media":15626,"template":"","meta":[],"product_brand":[],"product_cat":[17,16],"product_tag":[57,58,50,52,51,53,54,56,55,48,47,44],"class_list":["post-5286","product","type-product","status-publish","has-post-thumbnail","product_cat-chal-bordado","product_cat-manton-de-manila","product_tag-accesorio-de-fiesta","product_tag-accesorio-vintage","product_tag-chal","product_tag-chal-antiguo","product_tag-chal-bordado","product_tag-chal-cantones","product_tag-chal-de-fiesta","product_tag-chal-vintage","product_tag-echarpe","product_tag-manton-manila-antiguo","product_tag-mantones-antiguos","product_tag-mantones-de-manila","first","instock","sold-individually","taxable","shipping-taxable","product-type-simple"],"_links":{"self":[{"href":"https:\/\/mantonesdelsur.com\/en\/wp-json\/wp\/v2\/product\/5286","targetHints":{"allow":["GET"]}}],"collection":[{"href":"https:\/\/mantonesdelsur.com\/en\/wp-json\/wp\/v2\/product"}],"about":[{"href":"https:\/\/mantonesdelsur.com\/en\/wp-json\/wp\/v2\/types\/product"}],"wp:featuredmedia":[{"embeddable":true,"href":"https:\/\/mantonesdelsur.com\/en\/wp-json\/wp\/v2\/media\/15626"}],"wp:attachment":[{"href":"https:\/\/mantonesdelsur.com\/en\/wp-json\/wp\/v2\/media?parent=5286"}],"wp:term":[{"taxonomy":"product_brand","embeddable":true,"href":"https:\/\/mantonesdelsur.com\/en\/wp-json\/wp\/v2\/product_brand?post=5286"},{"taxonomy":"product_cat","embeddable":true,"href":"https:\/\/mantonesdelsur.com\/en\/wp-json\/wp\/v2\/product_cat?post=5286"},{"taxonomy":"product_tag","embeddable":true,"href":"https:\/\/mantonesdelsur.com\/en\/wp-json\/wp\/v2\/product_tag?post=5286"}],"curies":[{"name":"wp","href":"https:\/\/api.w.org\/{rel}","templated":true}]}}

<p style="text-align: justify">Magnífico MANTON-CHAL BORDADO  de paseo Victoriano del último tercio del siglo XIX (aproximadamente año 1875). Bordado a mano sobre seda de color beige, con bordados en hilos de seda nacarado de ramos de flores con hojas en todo el borde o festón del mantón. Siendo en las esquinas más profusamente bordados.</p>
<p style="text-align: justify">El motivo son rosas Tudor que es la flor nacional inglesa. Fue adoptada como el símbolo de paz y el emblema de Inglaterra desde el tiempo de la guerra de las guerras civiles (1455-1485) entre la casa real de Lancaster (emblema de la rosa roja) y la casa real de York (con emblema de rosa blanca).</p>
<p style="text-align: justify">El manton de paseo, muy de moda en las estaciones  de primavera y verano, esta la seda realizada manualmente en tela.</p>
<p style="text-align: justify">Con macramé y flecos anudado a mano muy cortos, lo que indica su antigüedad. Buen estado de conservación a pesar de ser un textil con muchos años.</p>
<p style="text-align: justify">Sus medidas son 125 cm por 130 cm mas flecos y macrame 20 cm</p>
