{"id":5154,"date":"2018-12-12T08:42:52","date_gmt":"2018-12-12T08:42:52","guid":{"rendered":"https:\/\/mantonesdelsur.com\/?post_type=product&#038;p=5154"},"modified":"2021-11-12T18:24:58","modified_gmt":"2021-11-12T18:24:58","slug":"mantilla-chal-o-capa-doble-de-encaje-frances-mn046","status":"publish","type":"product","link":"https:\/\/mantonesdelsur.com\/en\/producto\/sin-categorizar\/mantilla-chal-o-capa-doble-de-encaje-frances-mn046\/","title":{"rendered":"Mantilla-Chal (o capa doble) de encaje Franc\u00e9s (MN046)"},"content":{"rendered":"","protected":false},"excerpt":{"rendered":"<p style=\"text-align: justify\">Magn\u00edfica y espectacular capa doble negra,\u00a0 de encaje Franc\u00e9s de principios del siglo XIX, \u00e9poca Segundo Imperio (1830 &#8211; Luis Felipe I). Bordada a mano y a m\u00e1quina. El dise\u00f1o \u00fanico y maravilloso. Se compone de dos tri\u00e1ngulos que se superponen uno sobre otro, siendo uno mayo que otro, quedando vistas como dos volantes.<br \/>\nSu tem\u00e1tica es de flores, hojas de helecho, ramas, topos, racimos de uvas y de flores, y terminada en blonda con m\u00faltiples medallones de topos y\u00a0 florecillas entrelazados con hojas de helecho.\u00a0 Una obra de arte y refinamiento.\u00a0 Buen estado de conservaci\u00f3n, con alg\u00fan que otro desperfecto que pasa totalmente desapercibido.<\/p>\n<p style=\"text-align: justify\">Sus medidas son 165 cm por 150 cm.<\/p>\n<p>[contact-form][contact-field label=&#8221;Nombre&#8221; type=&#8221;name&#8221;  required=&#8221;true&#8221; \/][contact-field label=&#8221;Correo electr\u00f3nico&#8221; type=&#8221;email&#8221; required=&#8221;true&#8221; \/][contact-field label=&#8221;Mensaje&#8221; type=&#8221;textarea&#8221; \/][\/contact-form]<\/p>\n","protected":false},"featured_media":5156,"template":"","meta":[],"product_brand":[],"product_cat":[14],"product_tag":[61,41,102,40,46,45,48,42,47,44],"class_list":["post-5154","product","type-product","status-publish","has-post-thumbnail","product_cat-mantillas-y-velos","product_tag-encaje-granadino","product_tag-manila","product_tag-mantilla","product_tag-manton","product_tag-manton-bordado","product_tag-manton-de-manila","product_tag-manton-manila-antiguo","product_tag-mantones","product_tag-mantones-antiguos","product_tag-mantones-de-manila","first","instock","sold-individually","taxable","shipping-taxable","purchasable","product-type-simple"],"_links":{"self":[{"href":"https:\/\/mantonesdelsur.com\/en\/wp-json\/wp\/v2\/product\/5154","targetHints":{"allow":["GET"]}}],"collection":[{"href":"https:\/\/mantonesdelsur.com\/en\/wp-json\/wp\/v2\/product"}],"about":[{"href":"https:\/\/mantonesdelsur.com\/en\/wp-json\/wp\/v2\/types\/product"}],"wp:featuredmedia":[{"embeddable":true,"href":"https:\/\/mantonesdelsur.com\/en\/wp-json\/wp\/v2\/media\/5156"}],"wp:attachment":[{"href":"https:\/\/mantonesdelsur.com\/en\/wp-json\/wp\/v2\/media?parent=5154"}],"wp:term":[{"taxonomy":"product_brand","embeddable":true,"href":"https:\/\/mantonesdelsur.com\/en\/wp-json\/wp\/v2\/product_brand?post=5154"},{"taxonomy":"product_cat","embeddable":true,"href":"https:\/\/mantonesdelsur.com\/en\/wp-json\/wp\/v2\/product_cat?post=5154"},{"taxonomy":"product_tag","embeddable":true,"href":"https:\/\/mantonesdelsur.com\/en\/wp-json\/wp\/v2\/product_tag?post=5154"}],"curies":[{"name":"wp","href":"https:\/\/api.w.org\/{rel}","templated":true}]}}

Mantilla-Chal (o capa doble) de encaje Francés (MN046)

<p style="text-align: justify">Magnífica y espectacular capa doble negra,  de encaje Francés de principios del siglo XIX, época Segundo Imperio (1830 &#8211; Luis Felipe I). Bordada a mano y a máquina. El diseño único y maravilloso. Se compone de dos triángulos que se superponen uno sobre otro, siendo uno mayo que otro, quedando vistas como dos volantes.<br />
Su temática es de flores, hojas de helecho, ramas, topos, racimos de uvas y de flores, y terminada en blonda con múltiples medallones de topos y  florecillas entrelazados con hojas de helecho.  Una obra de arte y refinamiento.  Buen estado de conservación, con algún que otro desperfecto que pasa totalmente desapercibido.</p>
<p style="text-align: justify">Sus medidas son 165 cm por 150 cm.</p>
<p>[contact-form][contact-field label=&#8221;Nombre&#8221; type=&#8221;name&#8221;  required=&#8221;true&#8221; /][contact-field label=&#8221;Correo electrónico&#8221; type=&#8221;email&#8221; required=&#8221;true&#8221; /][contact-field label=&#8221;Mensaje&#8221; type=&#8221;textarea&#8221; /][/contact-form]</p>
