{"id":4889,"date":"2018-10-07T22:05:28","date_gmt":"2018-10-07T22:05:28","guid":{"rendered":"https:\/\/mantonesdelsur.com\/?post_type=product&#038;p=4889"},"modified":"2023-02-11T22:10:55","modified_gmt":"2023-02-11T22:10:55","slug":"mantilla-negra-de-encaje-frances-siglo-xviii-mn032","status":"publish","type":"product","link":"https:\/\/mantonesdelsur.com\/en\/producto\/sin-categorizar\/mantilla-negra-de-encaje-frances-siglo-xviii-mn032\/","title":{"rendered":"Mantilla negra de encaje Franc\u00e9s Siglo  XVIII (MN032)"},"content":{"rendered":"","protected":false},"excerpt":{"rendered":"<p style=\"text-align: justify\">Maravillosa y espectacular mantilla\u00a0 negra en seda de encaje Franc\u00e9s de finales del siglo XVIII y principios del Siglo XIX. Bordada a mano, de las llamadas de &#8220;toalla&#8221; o rectangular. El dise\u00f1o \u00fanico y maravilloso.<br \/>\nSu tem\u00e1tica es de pedestal con jarr\u00f3n; cestos repletos de flores colgantes; cadenetas y guirnaldas colgantes, cuernos de la abundancia con flores, hojas y ramas,\u00a0 siguiendo la moda imperante. Una obra de arte y refinamiento.\u00a0 Buen estado de conservaci\u00f3n, alg\u00fan que otro peque\u00f1\u00edsimo agujero que pasa totalmente desapercibido.<\/p>\n<p style=\"text-align: justify\">Sus medidas son 270 cm de largo por\u00a0 75 cm de ancho.<\/p>\n<p>[contact-form][contact-field label=&#8221;Nombre&#8221; type=&#8221;name&#8221;  required=&#8221;true&#8221; \/][contact-field label=&#8221;Correo electr\u00f3nico&#8221; type=&#8221;email&#8221; required=&#8221;true&#8221; \/][contact-field label=&#8221;Mensaje&#8221; type=&#8221;textarea&#8221; \/][\/contact-form]<\/p>\n","protected":false},"featured_media":4931,"template":"","meta":[],"product_brand":[],"product_cat":[14],"product_tag":[61,41,102,40,46,45,48,42,47,44],"class_list":["post-4889","product","type-product","status-publish","has-post-thumbnail","product_cat-mantillas-y-velos","product_tag-encaje-granadino","product_tag-manila","product_tag-mantilla","product_tag-manton","product_tag-manton-bordado","product_tag-manton-de-manila","product_tag-manton-manila-antiguo","product_tag-mantones","product_tag-mantones-antiguos","product_tag-mantones-de-manila","first","instock","sold-individually","taxable","shipping-taxable","product-type-simple"],"_links":{"self":[{"href":"https:\/\/mantonesdelsur.com\/en\/wp-json\/wp\/v2\/product\/4889","targetHints":{"allow":["GET"]}}],"collection":[{"href":"https:\/\/mantonesdelsur.com\/en\/wp-json\/wp\/v2\/product"}],"about":[{"href":"https:\/\/mantonesdelsur.com\/en\/wp-json\/wp\/v2\/types\/product"}],"wp:featuredmedia":[{"embeddable":true,"href":"https:\/\/mantonesdelsur.com\/en\/wp-json\/wp\/v2\/media\/4931"}],"wp:attachment":[{"href":"https:\/\/mantonesdelsur.com\/en\/wp-json\/wp\/v2\/media?parent=4889"}],"wp:term":[{"taxonomy":"product_brand","embeddable":true,"href":"https:\/\/mantonesdelsur.com\/en\/wp-json\/wp\/v2\/product_brand?post=4889"},{"taxonomy":"product_cat","embeddable":true,"href":"https:\/\/mantonesdelsur.com\/en\/wp-json\/wp\/v2\/product_cat?post=4889"},{"taxonomy":"product_tag","embeddable":true,"href":"https:\/\/mantonesdelsur.com\/en\/wp-json\/wp\/v2\/product_tag?post=4889"}],"curies":[{"name":"wp","href":"https:\/\/api.w.org\/{rel}","templated":true}]}}

Mantilla negra de encaje Francés Siglo  XVIII (MN032)

<p style="text-align: justify">Maravillosa y espectacular mantilla  negra en seda de encaje Francés de finales del siglo XVIII y principios del Siglo XIX. Bordada a mano, de las llamadas de &#8220;toalla&#8221; o rectangular. El diseño único y maravilloso.<br />
Su temática es de pedestal con jarrón; cestos repletos de flores colgantes; cadenetas y guirnaldas colgantes, cuernos de la abundancia con flores, hojas y ramas,  siguiendo la moda imperante. Una obra de arte y refinamiento.  Buen estado de conservación, algún que otro pequeñísimo agujero que pasa totalmente desapercibido.</p>
<p style="text-align: justify">Sus medidas son 270 cm de largo por  75 cm de ancho.</p>
<p>[contact-form][contact-field label=&#8221;Nombre&#8221; type=&#8221;name&#8221;  required=&#8221;true&#8221; /][contact-field label=&#8221;Correo electrónico&#8221; type=&#8221;email&#8221; required=&#8221;true&#8221; /][contact-field label=&#8221;Mensaje&#8221; type=&#8221;textarea&#8221; /][/contact-form]</p>
