{"id":4780,"date":"2018-10-01T11:10:59","date_gmt":"2018-10-01T11:10:59","guid":{"rendered":"https:\/\/mantonesdelsur.com\/?post_type=product&#038;p=4780"},"modified":"2023-03-04T01:18:15","modified_gmt":"2023-03-04T01:18:15","slug":"mantoncillo-isabelino-de-feria-mt013","status":"publish","type":"product","link":"https:\/\/mantonesdelsur.com\/en\/producto\/fair-shawl\/mantoncillo-isabelino-de-feria-mt013\/","title":{"rendered":"Mantoncillo Isabelino de Feria (MT013)"},"content":{"rendered":"<p>[contact-form][contact-field label=&#8221;Nombre&#8221; type=&#8221;name&#8221;  required=&#8221;true&#8221; \/][contact-field label=&#8221;Correo electr\u00f3nico&#8221; type=&#8221;email&#8221; required=&#8221;true&#8221; \/][contact-field label=&#8221;Web&#8221; type=&#8221;url&#8221; \/][contact-field label=&#8221;Mensaje&#8221; type=&#8221;textarea&#8221; \/][\/contact-form]<\/p>\n","protected":false},"excerpt":{"rendered":"<p style=\"text-align: justify\">Mantoncillo Isabelino para traje de gitana, de\u00a0 finales del XIX y principios del XX. Bordado en seda negra con hilo blanco\/gris\/plateado. Motivo de flores. Se encuentra en un estado de conservaci\u00f3n apto para su uso, pero tiene defectos (agujeros surcidos, arreglos y restauraciones). Un mantoncillo con macram\u00e9 y flecos color gris\u00e1ceos anudado a mano antiguo.<\/p>\n<p style=\"text-align: justify\">Sus medidas son 90 cm por 90 cm m\u00e1s 27 cm de flecos<\/p>\n","protected":false},"featured_media":4781,"template":"","meta":[],"product_brand":[],"product_cat":[96],"product_tag":[41,40,46,49,45,48,64,63,42,47,44],"class_list":["post-4780","product","type-product","status-publish","has-post-thumbnail","product_cat-mantoncillo-de-feria","product_tag-manila","product_tag-manton","product_tag-manton-bordado","product_tag-manton-de-flamenca","product_tag-manton-de-manila","product_tag-manton-manila-antiguo","product_tag-mantoncillo-gitana","product_tag-mantoncillo-para-traje-de-gitana","product_tag-mantones","product_tag-mantones-antiguos","product_tag-mantones-de-manila","first","instock","sold-individually","taxable","shipping-taxable","product-type-simple"],"_links":{"self":[{"href":"https:\/\/mantonesdelsur.com\/en\/wp-json\/wp\/v2\/product\/4780","targetHints":{"allow":["GET"]}}],"collection":[{"href":"https:\/\/mantonesdelsur.com\/en\/wp-json\/wp\/v2\/product"}],"about":[{"href":"https:\/\/mantonesdelsur.com\/en\/wp-json\/wp\/v2\/types\/product"}],"wp:featuredmedia":[{"embeddable":true,"href":"https:\/\/mantonesdelsur.com\/en\/wp-json\/wp\/v2\/media\/4781"}],"wp:attachment":[{"href":"https:\/\/mantonesdelsur.com\/en\/wp-json\/wp\/v2\/media?parent=4780"}],"wp:term":[{"taxonomy":"product_brand","embeddable":true,"href":"https:\/\/mantonesdelsur.com\/en\/wp-json\/wp\/v2\/product_brand?post=4780"},{"taxonomy":"product_cat","embeddable":true,"href":"https:\/\/mantonesdelsur.com\/en\/wp-json\/wp\/v2\/product_cat?post=4780"},{"taxonomy":"product_tag","embeddable":true,"href":"https:\/\/mantonesdelsur.com\/en\/wp-json\/wp\/v2\/product_tag?post=4780"}],"curies":[{"name":"wp","href":"https:\/\/api.w.org\/{rel}","templated":true}]}}

<p>[contact-form][contact-field label=&#8221;Nombre&#8221; type=&#8221;name&#8221;  required=&#8221;true&#8221; /][contact-field label=&#8221;Correo electrónico&#8221; type=&#8221;email&#8221; required=&#8221;true&#8221; /][contact-field label=&#8221;Web&#8221; type=&#8221;url&#8221; /][contact-field label=&#8221;Mensaje&#8221; type=&#8221;textarea&#8221; /][/contact-form]</p>

<p style="text-align: justify">Mantoncillo Isabelino para traje de gitana, de  finales del XIX y principios del XX. Bordado en seda negra con hilo blanco/gris/plateado. Motivo de flores. Se encuentra en un estado de conservación apto para su uso, pero tiene defectos (agujeros surcidos, arreglos y restauraciones). Un mantoncillo con macramé y flecos color grisáceos anudado a mano antiguo.</p>
<p style="text-align: justify">Sus medidas son 90 cm por 90 cm más 27 cm de flecos</p>
