{"id":41222,"date":"2025-03-28T20:29:55","date_gmt":"2025-03-28T20:29:55","guid":{"rendered":"https:\/\/mantonesdelsur.com\/?post_type=product&#038;p=41222"},"modified":"2026-08-02T11:49:03","modified_gmt":"2026-08-02T11:49:03","slug":"salida-de-teatro-chal-o-capita-bordada-en-filtire-ch003","status":"publish","type":"product","link":"https:\/\/mantonesdelsur.com\/en\/producto\/embroidered-shawls\/salida-de-teatro-chal-o-capita-bordada-en-filtire-ch003\/","title":{"rendered":"Salida de teatro, chal o capita bordada en Filtir\u00e9 (CH003)"},"content":{"rendered":"","protected":false},"excerpt":{"rendered":"<p style=\"text-align: justify\">Magn\u00edfica SALIDA DE TEATRO o CHAL BORDADO\u00a0 en la t\u00e9cniuca del FILTIR\u00c9,\u00a0 del ultimo tercio del Siglo\u00a0 XIX. Bordado en hilos de seda beige sobre seda del mismo color . El dise\u00f1o \u00fanico y maravilloso, con flores de peon\u00edas (rosa China), ramas y hojas, etc&#8230;.<\/p>\n<p style=\"text-align: justify\">Muy bien ejecutado con puntadas cortas y peque\u00f1as, con relieves, celosias, rellenos etc, todo siguiendo la tecnica del Filtir\u00e9. Con macram\u00e9 y doble borlas anudadas a mano, teniendo un doble enflecado en todo el per\u00edmetro de debajo de la salida de teatro, simple en el cuello\u00a0 y en las solapas de cierre.,<\/p>\n<p>Lleva pasamaner\u00eda por detr\u00e1s con tres borlas colgando,\u00a0 y por delante cierre con dos cordones de seda con terminaci\u00f3n de borlas.<\/p>\n<p style=\"text-align: justify\">Perfecto estado de conservaci\u00f3n. Sus medida son de larga 200 cm m\u00e1s\u00a0 doble fleco (20cm) y de altura unos 70 cm desde el cuello hasta el finas d ela seda, mas 20cm de dobles flecos o borlas.<\/p>\n","protected":false},"featured_media":41226,"template":"","meta":[],"product_brand":[],"product_cat":[17,16],"product_tag":[57,58,153,50,52,51,53,54,56,55,48,47,44,152],"class_list":["post-41222","product","type-product","status-publish","has-post-thumbnail","product_cat-chal-bordado","product_cat-manton-de-manila","product_tag-accesorio-de-fiesta","product_tag-accesorio-vintage","product_tag-capa","product_tag-chal","product_tag-chal-antiguo","product_tag-chal-bordado","product_tag-chal-cantones","product_tag-chal-de-fiesta","product_tag-chal-vintage","product_tag-echarpe","product_tag-manton-manila-antiguo","product_tag-mantones-antiguos","product_tag-mantones-de-manila","product_tag-salida-de-teatro","first","instock","taxable","shipping-taxable","product-type-simple"],"_links":{"self":[{"href":"https:\/\/mantonesdelsur.com\/en\/wp-json\/wp\/v2\/product\/41222","targetHints":{"allow":["GET"]}}],"collection":[{"href":"https:\/\/mantonesdelsur.com\/en\/wp-json\/wp\/v2\/product"}],"about":[{"href":"https:\/\/mantonesdelsur.com\/en\/wp-json\/wp\/v2\/types\/product"}],"wp:featuredmedia":[{"embeddable":true,"href":"https:\/\/mantonesdelsur.com\/en\/wp-json\/wp\/v2\/media\/41226"}],"wp:attachment":[{"href":"https:\/\/mantonesdelsur.com\/en\/wp-json\/wp\/v2\/media?parent=41222"}],"wp:term":[{"taxonomy":"product_brand","embeddable":true,"href":"https:\/\/mantonesdelsur.com\/en\/wp-json\/wp\/v2\/product_brand?post=41222"},{"taxonomy":"product_cat","embeddable":true,"href":"https:\/\/mantonesdelsur.com\/en\/wp-json\/wp\/v2\/product_cat?post=41222"},{"taxonomy":"product_tag","embeddable":true,"href":"https:\/\/mantonesdelsur.com\/en\/wp-json\/wp\/v2\/product_tag?post=41222"}],"curies":[{"name":"wp","href":"https:\/\/api.w.org\/{rel}","templated":true}]}}

Salida de teatro, chal o capita bordada en Filtiré (CH003)

<p style="text-align: justify">Magnífica SALIDA DE TEATRO o CHAL BORDADO  en la técniuca del FILTIRÉ,  del ultimo tercio del Siglo  XIX. Bordado en hilos de seda beige sobre seda del mismo color . El diseño único y maravilloso, con flores de peonías (rosa China), ramas y hojas, etc&#8230;.</p>
<p style="text-align: justify">Muy bien ejecutado con puntadas cortas y pequeñas, con relieves, celosias, rellenos etc, todo siguiendo la tecnica del Filtiré. Con macramé y doble borlas anudadas a mano, teniendo un doble enflecado en todo el perímetro de debajo de la salida de teatro, simple en el cuello  y en las solapas de cierre.,</p>
<p>Lleva pasamanería por detrás con tres borlas colgando,  y por delante cierre con dos cordones de seda con terminación de borlas.</p>
<p style="text-align: justify">Perfecto estado de conservación. Sus medida son de larga 200 cm más  doble fleco (20cm) y de altura unos 70 cm desde el cuello hasta el finas d ela seda, mas 20cm de dobles flecos o borlas.</p>
