{"id":32735,"date":"2023-12-17T16:19:47","date_gmt":"2023-12-17T16:19:47","guid":{"rendered":"https:\/\/mantonesdelsur.com\/?post_type=product&#038;p=32735"},"modified":"2025-06-24T21:45:36","modified_gmt":"2025-06-24T21:45:36","slug":"velo-o-mantilla-de-encaje-de-bruselas-mn067","status":"publish","type":"product","link":"https:\/\/mantonesdelsur.com\/en\/producto\/sin-categorizar\/velo-o-mantilla-de-encaje-de-bruselas-mn067\/","title":{"rendered":"Velo o mantilla de encaje de Bruselas (MN067)"},"content":{"rendered":"","protected":false},"excerpt":{"rendered":"<p style=\"text-align: justify\">Preciosa mantilla o velo de novia antiguo de finalesdel Siglo XIX (sobre 1880) de encaje de Bruselas, bordado a mano sobre un tul de seda a Point de Gaze , con fondo de plumetti y relleno de ramilletes de flores y hojas,\u00a0 para los contornos y las esquinas una profusion\u00a0 de bordado a mano con flores, hojas y ramas, en forma de guirnaldas.<\/p>\n<p>\u00a0Una obra de arte y refinamiento.\u00a0 Muy buen estado de conservaci\u00f3n, si bien tiene algunas restauraciones antiguas perfectamente hechas, que no se notan.<\/p>\n<p style=\"text-align: justify\">Est\u00e1 bordada con motivos entrelazados de hojas y flores, con cadenetas y motivos geom\u00e9tricos de puntada a la gasa en forma de celos\u00eda o malla tupida, siendo m\u00e1s amplia en los extremos.<\/p>\n<p style=\"text-align: justify\">Su tama\u00f1o\u00a0 es de\u00a0 220 cm por 185 cm , aunque de forma diagonal es con un largo de mas de 260 cm. Es un magnifico velo de novia. Tambi\u00e9n es ideal para velaciones.<\/p>\n<p>&nbsp;<\/p>\n<p>&nbsp;<\/p>\n","protected":false},"featured_media":32737,"template":"","meta":[],"product_brand":[],"product_cat":[14],"product_tag":[102,111,109,110,112,113],"class_list":["post-32735","product","type-product","status-publish","has-post-thumbnail","product_cat-mantillas-y-velos","product_tag-mantilla","product_tag-mantilla-blonda","product_tag-mantilla-encaje","product_tag-mantilla-velo","product_tag-velo-novia","product_tag-velo-tul-seda","first","instock","taxable","shipping-taxable","purchasable","product-type-simple"],"_links":{"self":[{"href":"https:\/\/mantonesdelsur.com\/en\/wp-json\/wp\/v2\/product\/32735","targetHints":{"allow":["GET"]}}],"collection":[{"href":"https:\/\/mantonesdelsur.com\/en\/wp-json\/wp\/v2\/product"}],"about":[{"href":"https:\/\/mantonesdelsur.com\/en\/wp-json\/wp\/v2\/types\/product"}],"wp:featuredmedia":[{"embeddable":true,"href":"https:\/\/mantonesdelsur.com\/en\/wp-json\/wp\/v2\/media\/32737"}],"wp:attachment":[{"href":"https:\/\/mantonesdelsur.com\/en\/wp-json\/wp\/v2\/media?parent=32735"}],"wp:term":[{"taxonomy":"product_brand","embeddable":true,"href":"https:\/\/mantonesdelsur.com\/en\/wp-json\/wp\/v2\/product_brand?post=32735"},{"taxonomy":"product_cat","embeddable":true,"href":"https:\/\/mantonesdelsur.com\/en\/wp-json\/wp\/v2\/product_cat?post=32735"},{"taxonomy":"product_tag","embeddable":true,"href":"https:\/\/mantonesdelsur.com\/en\/wp-json\/wp\/v2\/product_tag?post=32735"}],"curies":[{"name":"wp","href":"https:\/\/api.w.org\/{rel}","templated":true}]}}

<p style="text-align: justify">Preciosa mantilla o velo de novia antiguo de finalesdel Siglo XIX (sobre 1880) de encaje de Bruselas, bordado a mano sobre un tul de seda a Point de Gaze , con fondo de plumetti y relleno de ramilletes de flores y hojas,  para los contornos y las esquinas una profusion  de bordado a mano con flores, hojas y ramas, en forma de guirnaldas.</p>
<p> Una obra de arte y refinamiento.  Muy buen estado de conservación, si bien tiene algunas restauraciones antiguas perfectamente hechas, que no se notan.</p>
<p style="text-align: justify">Está bordada con motivos entrelazados de hojas y flores, con cadenetas y motivos geométricos de puntada a la gasa en forma de celosía o malla tupida, siendo más amplia en los extremos.</p>
<p style="text-align: justify">Su tamaño  es de  220 cm por 185 cm , aunque de forma diagonal es con un largo de mas de 260 cm. Es un magnifico velo de novia. También es ideal para velaciones.</p>
<p>&nbsp;</p>
<p>&nbsp;</p>
