{"id":31402,"date":"2023-08-05T09:50:45","date_gmt":"2023-08-05T09:50:45","guid":{"rendered":"https:\/\/mantonesdelsur.com\/?post_type=product&#038;p=31402"},"modified":"2023-08-05T10:06:09","modified_gmt":"2023-08-05T10:06:09","slug":"manton-manila-cantones-de-abanicos-m173","status":"publish","type":"product","link":"https:\/\/mantonesdelsur.com\/en\/producto\/canton-shawls\/manton-manila-cantones-de-abanicos-m173\/","title":{"rendered":"Mant\u00f3n Manila Cantones de Abanicos (M173)"},"content":{"rendered":"","protected":false},"excerpt":{"rendered":"<p style=\"text-align: justify\">Magn\u00edfico, raro y espectacular mant\u00f3n de Manila de la escuela Cantones del Siglo XIX. Bordado sobre seda beige de extraordinaria calidad. El dise\u00f1o \u00fanico y maravilloso. Es un mant\u00f3n para coleccionista, debido a su tem\u00e1tica de abanicos con escenas de pavos reales.<br \/>\nEl bordado es\u00a0 en colores, donde destacan los rojos, verdes, azules, amarillos, naranjas, celestes, malvas, lilas, rosas, blancos,, grises, etc\u00a0 y su tem\u00e1tica cuatro abanicos en las esquinas, donde enmarca un maravilloso pavo real con las plumas abiertas, rodeados de flores , hojas y ramas magistralmente bordados dan lugar a una obra sin igual en este mant\u00f3n de Manila.<\/p>\n<p style=\"text-align: justify\">Muy bien ejecutado con puntadas cortas y peque\u00f1as, lo que hace que no se distinga el derecho del rev\u00e9s. Una obra de arte y refinamiento. Con macram\u00e9 y flecos anudado a mano. Buen estado de conservaci\u00f3n.<\/p>\n<p>Medidas aproximada 130 cm por 130 cm mas 50cm de macram\u00e9 y flecos.<\/p>\n","protected":false},"featured_media":31412,"template":"","meta":[],"product_brand":[],"product_cat":[16],"product_tag":[57,58,72,41,99,46,45,62,98,48,59,60,63,42,47,44,73],"class_list":["post-31402","product","type-product","status-publish","has-post-thumbnail","product_cat-manton-de-manila","product_tag-accesorio-de-fiesta","product_tag-accesorio-vintage","product_tag-bordado-a-mano","product_tag-manila","product_tag-manto-de-manila","product_tag-manton-bordado","product_tag-manton-de-manila","product_tag-manton-de-novia","product_tag-manton-manila","product_tag-manton-manila-antiguo","product_tag-manton-para-fiesta","product_tag-manton-vintage","product_tag-mantoncillo-para-traje-de-gitana","product_tag-mantones","product_tag-mantones-antiguos","product_tag-mantones-de-manila","product_tag-seda","first","instock","sold-individually","taxable","shipping-taxable","product-type-simple"],"_links":{"self":[{"href":"https:\/\/mantonesdelsur.com\/en\/wp-json\/wp\/v2\/product\/31402","targetHints":{"allow":["GET"]}}],"collection":[{"href":"https:\/\/mantonesdelsur.com\/en\/wp-json\/wp\/v2\/product"}],"about":[{"href":"https:\/\/mantonesdelsur.com\/en\/wp-json\/wp\/v2\/types\/product"}],"wp:featuredmedia":[{"embeddable":true,"href":"https:\/\/mantonesdelsur.com\/en\/wp-json\/wp\/v2\/media\/31412"}],"wp:attachment":[{"href":"https:\/\/mantonesdelsur.com\/en\/wp-json\/wp\/v2\/media?parent=31402"}],"wp:term":[{"taxonomy":"product_brand","embeddable":true,"href":"https:\/\/mantonesdelsur.com\/en\/wp-json\/wp\/v2\/product_brand?post=31402"},{"taxonomy":"product_cat","embeddable":true,"href":"https:\/\/mantonesdelsur.com\/en\/wp-json\/wp\/v2\/product_cat?post=31402"},{"taxonomy":"product_tag","embeddable":true,"href":"https:\/\/mantonesdelsur.com\/en\/wp-json\/wp\/v2\/product_tag?post=31402"}],"curies":[{"name":"wp","href":"https:\/\/api.w.org\/{rel}","templated":true}]}}

Mantón Manila Cantones de Abanicos (M173)

<p style="text-align: justify">Magnífico, raro y espectacular mantón de Manila de la escuela Cantones del Siglo XIX. Bordado sobre seda beige de extraordinaria calidad. El diseño único y maravilloso. Es un mantón para coleccionista, debido a su temática de abanicos con escenas de pavos reales.<br />
El bordado es  en colores, donde destacan los rojos, verdes, azules, amarillos, naranjas, celestes, malvas, lilas, rosas, blancos,, grises, etc  y su temática cuatro abanicos en las esquinas, donde enmarca un maravilloso pavo real con las plumas abiertas, rodeados de flores , hojas y ramas magistralmente bordados dan lugar a una obra sin igual en este mantón de Manila.</p>
<p style="text-align: justify">Muy bien ejecutado con puntadas cortas y pequeñas, lo que hace que no se distinga el derecho del revés. Una obra de arte y refinamiento. Con macramé y flecos anudado a mano. Buen estado de conservación.</p>
<p>Medidas aproximada 130 cm por 130 cm mas 50cm de macramé y flecos.</p>
