{"id":30459,"date":"2023-05-22T10:43:30","date_gmt":"2023-05-22T10:43:30","guid":{"rendered":"https:\/\/mantonesdelsur.com\/?post_type=product&#038;p=30459"},"modified":"2025-06-21T22:12:55","modified_gmt":"2025-06-21T22:12:55","slug":"velo-real-de-encaje-de-bruselas-mn103","status":"publish","type":"product","link":"https:\/\/mantonesdelsur.com\/en\/producto\/sin-categorizar\/velo-real-de-encaje-de-bruselas-mn103\/","title":{"rendered":"Velo Real de encaje de Bruselas (MN103)"},"content":{"rendered":"","protected":false},"excerpt":{"rendered":"<p style=\"text-align: justify\">EXTRAORDINARIO\u00a0 y Magnifico velo nupcial en encaje de Bruselas, de la primera mitad del Siglo XIX. Realizado\u00a0 en encaje de tambor antiguo con aplique en relieve. El dise\u00f1o presenta ramilletes de rosas, lirios de los valles, tr\u00e9boles y coronas sobre tul de algod\u00f3n, perteneciente a S.A.R. el Duque de Kent.<\/p>\n<p style=\"text-align: justify\">De color crema. Con motivos de hojas, ramas, flores y elementos decorativos completamente entrelazado, formando una tupida malla. El borde festoneado del encaje est\u00e1 rematado a mano con bordado de tambor. La pieza de encaje estaba forrada con un reverso de tul de algod\u00f3n\u00a0 para su protecci\u00f3n que le ha sido retirado.<\/p>\n<p style=\"text-align: justify\">Un maravilloso y trabajado velo de novia realizado a mano y con un exquisito dise\u00f1o para un d\u00eda muy especial e importante.<\/p>\n<p style=\"text-align: justify\">\u00a0Se encuentra en exceestado de conservaci\u00f3n muy bueno, teniendo en cuenta que es un velo originario con mas de ciento setenta a\u00f1os de antig\u00fcedad. Adquirido de la colecci\u00f3n privada del Pr\u00edncipe Eduardo, S.A.R. el Duque de Kent, padres del Pr\u00edncipe Jorge y la Princesa Marina, tataranieto de la Reina Victoria y primo hermano de la Reina Isabel II. Pieza de colecci\u00f3n.<\/p>\n<p>&nbsp;<\/p>\n","protected":false},"featured_media":41768,"template":"","meta":[],"product_brand":[],"product_cat":[14],"product_tag":[106,102,104,108,103,105,107],"class_list":["post-30459","product","type-product","status-publish","has-post-thumbnail","product_cat-mantillas-y-velos","product_tag-encaje-bruselas","product_tag-mantilla","product_tag-mantilla-bruselas","product_tag-mantilla-encaje-bruselas","product_tag-velo-de-novia","product_tag-velo-encaje","product_tag-velo-novia-encaje-bruselas","first","instock","taxable","shipping-taxable","product-type-simple"],"_links":{"self":[{"href":"https:\/\/mantonesdelsur.com\/en\/wp-json\/wp\/v2\/product\/30459","targetHints":{"allow":["GET"]}}],"collection":[{"href":"https:\/\/mantonesdelsur.com\/en\/wp-json\/wp\/v2\/product"}],"about":[{"href":"https:\/\/mantonesdelsur.com\/en\/wp-json\/wp\/v2\/types\/product"}],"wp:featuredmedia":[{"embeddable":true,"href":"https:\/\/mantonesdelsur.com\/en\/wp-json\/wp\/v2\/media\/41768"}],"wp:attachment":[{"href":"https:\/\/mantonesdelsur.com\/en\/wp-json\/wp\/v2\/media?parent=30459"}],"wp:term":[{"taxonomy":"product_brand","embeddable":true,"href":"https:\/\/mantonesdelsur.com\/en\/wp-json\/wp\/v2\/product_brand?post=30459"},{"taxonomy":"product_cat","embeddable":true,"href":"https:\/\/mantonesdelsur.com\/en\/wp-json\/wp\/v2\/product_cat?post=30459"},{"taxonomy":"product_tag","embeddable":true,"href":"https:\/\/mantonesdelsur.com\/en\/wp-json\/wp\/v2\/product_tag?post=30459"}],"curies":[{"name":"wp","href":"https:\/\/api.w.org\/{rel}","templated":true}]}}

<p style="text-align: justify">EXTRAORDINARIO  y Magnifico velo nupcial en encaje de Bruselas, de la primera mitad del Siglo XIX. Realizado  en encaje de tambor antiguo con aplique en relieve. El diseño presenta ramilletes de rosas, lirios de los valles, tréboles y coronas sobre tul de algodón, perteneciente a S.A.R. el Duque de Kent.</p>
<p style="text-align: justify">De color crema. Con motivos de hojas, ramas, flores y elementos decorativos completamente entrelazado, formando una tupida malla. El borde festoneado del encaje está rematado a mano con bordado de tambor. La pieza de encaje estaba forrada con un reverso de tul de algodón  para su protección que le ha sido retirado.</p>
<p style="text-align: justify">Un maravilloso y trabajado velo de novia realizado a mano y con un exquisito diseño para un día muy especial e importante.</p>
<p style="text-align: justify"> Se encuentra en exceestado de conservación muy bueno, teniendo en cuenta que es un velo originario con mas de ciento setenta años de antigüedad. Adquirido de la colección privada del Príncipe Eduardo, S.A.R. el Duque de Kent, padres del Príncipe Jorge y la Princesa Marina, tataranieto de la Reina Victoria y primo hermano de la Reina Isabel II. Pieza de colección.</p>
<p>&nbsp;</p>
