{"id":29648,"date":"2023-03-15T23:57:23","date_gmt":"2023-03-15T23:57:23","guid":{"rendered":"https:\/\/mantonesdelsur.com\/?post_type=product&#038;p=29648"},"modified":"2023-03-16T00:14:20","modified_gmt":"2023-03-16T00:14:20","slug":"velo-frances-art-cdeco-mn189","status":"publish","type":"product","link":"https:\/\/mantonesdelsur.com\/en\/producto\/sin-categorizar\/velo-frances-art-cdeco-mn189\/","title":{"rendered":"Velo Franc\u00e9s Art. Dec\u00f3  (MN189)"},"content":{"rendered":"","protected":false},"excerpt":{"rendered":"<p style=\"text-align: justify\">Estupendo velo de novia grande en forma rectangular, de origen franc\u00e9s. de principios del Siglo XX, de la \u00e9poca Art. Dec\u00f3, en color beige, y realizado a mano; Cuyas medida abierto es de m\u00e1s de\u00a0 tres metros (330 cm) de largo por casi 125 cm de ancho, con corona de flores de cera y hojas de lino verde.<\/p>\n<p style=\"text-align: justify\">Pudiendo ser utilizado de dos maneras, \u201ccorto\u201d que es dobl\u00e1ndose por la mitad. Cuando se dobla por la mitad (corto), la ca\u00edda desde el borde doblado al dobladillo es aproximadamente de 170 cm. O \u201clargo\u201d, puesto sobre los hombros, nuca o cabeza, con diadema o flores (Se incorpora la corona u diadema original que traia el velo), siendo un maravilloso velo largo de m\u00e1s de tres metros por uno veinte cm de ancho, pudi\u00e9ndose contemplar el bordado de cadeneta doble a modo de cenefa por todo el contorno del velo.<\/p>\n<p style=\"text-align: justify\">\u00a0Es un velo de principio del Siglo XX (sobre 1920), con cerca de 100 a\u00f1os de antig\u00fcedad, y\u00a0 tiene un borde festoneado a mano muy original (de cadeneta), siendo el dibujo del bordado de une elemento propio de la belle \u00e9poca,\u00a0 repetido y entrelazando unos con otros.<\/p>\n<p>La medidas aproximadas son 330 cm de largo\u00a0 por 125 cm de ancho<\/p>\n","protected":false},"featured_media":29649,"template":"","meta":[],"product_brand":[],"product_cat":[14],"product_tag":[106,102,104,108,131,143,103,105,112,107],"class_list":["post-29648","product","type-product","status-publish","has-post-thumbnail","product_cat-mantillas-y-velos","product_tag-encaje-bruselas","product_tag-mantilla","product_tag-mantilla-bruselas","product_tag-mantilla-encaje-bruselas","product_tag-velo-antiguo","product_tag-velo-de-encaje-antiguo","product_tag-velo-de-novia","product_tag-velo-encaje","product_tag-velo-novia","product_tag-velo-novia-encaje-bruselas","first","instock","sold-individually","taxable","shipping-taxable","purchasable","product-type-simple"],"_links":{"self":[{"href":"https:\/\/mantonesdelsur.com\/en\/wp-json\/wp\/v2\/product\/29648","targetHints":{"allow":["GET"]}}],"collection":[{"href":"https:\/\/mantonesdelsur.com\/en\/wp-json\/wp\/v2\/product"}],"about":[{"href":"https:\/\/mantonesdelsur.com\/en\/wp-json\/wp\/v2\/types\/product"}],"wp:featuredmedia":[{"embeddable":true,"href":"https:\/\/mantonesdelsur.com\/en\/wp-json\/wp\/v2\/media\/29649"}],"wp:attachment":[{"href":"https:\/\/mantonesdelsur.com\/en\/wp-json\/wp\/v2\/media?parent=29648"}],"wp:term":[{"taxonomy":"product_brand","embeddable":true,"href":"https:\/\/mantonesdelsur.com\/en\/wp-json\/wp\/v2\/product_brand?post=29648"},{"taxonomy":"product_cat","embeddable":true,"href":"https:\/\/mantonesdelsur.com\/en\/wp-json\/wp\/v2\/product_cat?post=29648"},{"taxonomy":"product_tag","embeddable":true,"href":"https:\/\/mantonesdelsur.com\/en\/wp-json\/wp\/v2\/product_tag?post=29648"}],"curies":[{"name":"wp","href":"https:\/\/api.w.org\/{rel}","templated":true}]}}

Velo Francés Art. Decó  (MN189)

<p style="text-align: justify">Estupendo velo de novia grande en forma rectangular, de origen francés. de principios del Siglo XX, de la época Art. Decó, en color beige, y realizado a mano; Cuyas medida abierto es de más de  tres metros (330 cm) de largo por casi 125 cm de ancho, con corona de flores de cera y hojas de lino verde.</p>
<p style="text-align: justify">Pudiendo ser utilizado de dos maneras, “corto” que es doblándose por la mitad. Cuando se dobla por la mitad (corto), la caída desde el borde doblado al dobladillo es aproximadamente de 170 cm. O “largo”, puesto sobre los hombros, nuca o cabeza, con diadema o flores (Se incorpora la corona u diadema original que traia el velo), siendo un maravilloso velo largo de más de tres metros por uno veinte cm de ancho, pudiéndose contemplar el bordado de cadeneta doble a modo de cenefa por todo el contorno del velo.</p>
<p style="text-align: justify"> Es un velo de principio del Siglo XX (sobre 1920), con cerca de 100 años de antigüedad, y  tiene un borde festoneado a mano muy original (de cadeneta), siendo el dibujo del bordado de une elemento propio de la belle época,  repetido y entrelazando unos con otros.</p>
<p>La medidas aproximadas son 330 cm de largo  por 125 cm de ancho</p>
