{"id":29071,"date":"2023-03-02T12:26:57","date_gmt":"2023-03-02T12:26:57","guid":{"rendered":"https:\/\/mantonesdelsur.com\/?post_type=product&#038;p=29071"},"modified":"2023-03-02T14:00:47","modified_gmt":"2023-03-02T14:00:47","slug":"manton-de-manila-imperio-m160","status":"publish","type":"product","link":"https:\/\/mantonesdelsur.com\/en\/producto\/canton-shawls\/manton-de-manila-imperio-m160\/","title":{"rendered":"Mant\u00f3n de Manila Imperio (M160)"},"content":{"rendered":"","protected":false},"excerpt":{"rendered":"<p>Magnifico y espectacular mant\u00f3n- chal de Manila Imperio de mediados del Siglo XIX, bordado sobre seda color crema, bordado en una gama magnifica de colores, muy bien combinados, destacando los verdes, los rosas, los azules, el roj0,el amarillo, el celeste y el color blanco. Etc<\/p>\n<p>El bordado apretado y de puntada corta, sin distinguirse el derecho del rev\u00e9s. Alrededor del mant\u00f3n-chal una gran cenefa de flores y de aves del para\u00edso, con unos colores vibrantes, especialmente llama la atenci\u00f3n las peonias y otras flores, junto a las aves del para\u00edsos donde mezclan los colores magistralmente.<\/p>\n<p>Dos grandes cuarterones o paneles bordados en los dos lados de las esquinas, y todo el centro con mariposas y flores. Es un mant\u00f3n de colecci\u00f3n.<\/p>\n<p>Sus medidas aproximadas son 300 cm por 100 cm mas 45 cm de enrejado y flecos anudados a mano.<\/p>\n<p>&nbsp;<\/p>\n","protected":false},"featured_media":29117,"template":"","meta":[],"product_brand":[],"product_cat":[16],"product_tag":[57,43,72,41,40,157,46,49,45,129,98,48,59,60,42,47,44,73,97],"class_list":["post-29071","product","type-product","status-publish","has-post-thumbnail","product_cat-manton-de-manila","product_tag-accesorio-de-fiesta","product_tag-bordado","product_tag-bordado-a-mano","product_tag-manila","product_tag-manton","product_tag-manton-antiguo","product_tag-manton-bordado","product_tag-manton-de-flamenca","product_tag-manton-de-manila","product_tag-manton-de-manila-antiguo","product_tag-manton-manila","product_tag-manton-manila-antiguo","product_tag-manton-para-fiesta","product_tag-manton-vintage","product_tag-mantones","product_tag-mantones-antiguos","product_tag-mantones-de-manila","product_tag-seda","product_tag-shawl","first","instock","taxable","shipping-taxable","product-type-simple"],"_links":{"self":[{"href":"https:\/\/mantonesdelsur.com\/en\/wp-json\/wp\/v2\/product\/29071","targetHints":{"allow":["GET"]}}],"collection":[{"href":"https:\/\/mantonesdelsur.com\/en\/wp-json\/wp\/v2\/product"}],"about":[{"href":"https:\/\/mantonesdelsur.com\/en\/wp-json\/wp\/v2\/types\/product"}],"wp:featuredmedia":[{"embeddable":true,"href":"https:\/\/mantonesdelsur.com\/en\/wp-json\/wp\/v2\/media\/29117"}],"wp:attachment":[{"href":"https:\/\/mantonesdelsur.com\/en\/wp-json\/wp\/v2\/media?parent=29071"}],"wp:term":[{"taxonomy":"product_brand","embeddable":true,"href":"https:\/\/mantonesdelsur.com\/en\/wp-json\/wp\/v2\/product_brand?post=29071"},{"taxonomy":"product_cat","embeddable":true,"href":"https:\/\/mantonesdelsur.com\/en\/wp-json\/wp\/v2\/product_cat?post=29071"},{"taxonomy":"product_tag","embeddable":true,"href":"https:\/\/mantonesdelsur.com\/en\/wp-json\/wp\/v2\/product_tag?post=29071"}],"curies":[{"name":"wp","href":"https:\/\/api.w.org\/{rel}","templated":true}]}}

Mantón de Manila Imperio (M160)

<p>Magnifico y espectacular mantón- chal de Manila Imperio de mediados del Siglo XIX, bordado sobre seda color crema, bordado en una gama magnifica de colores, muy bien combinados, destacando los verdes, los rosas, los azules, el roj0,el amarillo, el celeste y el color blanco. Etc</p>
<p>El bordado apretado y de puntada corta, sin distinguirse el derecho del revés. Alrededor del mantón-chal una gran cenefa de flores y de aves del paraíso, con unos colores vibrantes, especialmente llama la atención las peonias y otras flores, junto a las aves del paraísos donde mezclan los colores magistralmente.</p>
<p>Dos grandes cuarterones o paneles bordados en los dos lados de las esquinas, y todo el centro con mariposas y flores. Es un mantón de colección.</p>
<p>Sus medidas aproximadas son 300 cm por 100 cm mas 45 cm de enrejado y flecos anudados a mano.</p>
<p>&nbsp;</p>
