{"id":28743,"date":"2023-01-25T23:26:10","date_gmt":"2023-01-25T23:26:10","guid":{"rendered":"https:\/\/mantonesdelsur.com\/?post_type=product&#038;p=28743"},"modified":"2023-01-25T23:33:43","modified_gmt":"2023-01-25T23:33:43","slug":"capa-o-velo-de-novia-mn188","status":"publish","type":"product","link":"https:\/\/mantonesdelsur.com\/en\/producto\/sin-categorizar\/capa-o-velo-de-novia-mn188\/","title":{"rendered":"Capa  o Velo de Novia (MN188)"},"content":{"rendered":"<p style=\"text-align: justify\">Capa o Velo de novia, realizado en tul de seda de finales del siglo XIX o principios del siglo XX. Est\u00e1 realizada a mano, teniendo una forma rectangular mediante dos piezas que se est\u00e1n uniendo y entolando, con bordados de hojas, helechos , plantas y flores, con un dise\u00f1o muy al estilo del Art. Dec\u00f3, el motivo o dibujo de extraordinaria\u00a0 belleza. Est\u00e1 actualmente en limpieza y restauraci\u00f3n.<\/p>\n<p>Sus medidas aproximadamente son 330 cm de largo, por 150 cm de ancho<\/p>\n","protected":false},"excerpt":{"rendered":"<p style=\"text-align: justify\">Capa o Velo de novia, realizado en tul de seda de finales del siglo XIX o principios del siglo XX. Est\u00e1 realizada a mano, teniendo una forma rectangular mediante dos piezas que se est\u00e1n uniendo y entolando, con bordados de hojas, helechos , plantas y flores, con un dise\u00f1o muy al estilo del Art. Dec\u00f3, el motivo o dibujo de extraordinaria\u00a0 belleza. Est\u00e1 actualmente en limpieza y restauraci\u00f3n.<\/p>\n<p>Sus medidas aproximadamente son 330 cm de largo, por 150 cm de ancho<\/p>\n<p>[contact-form][contact-field label=&#8221;Nombre&#8221; type=&#8221;name&#8221;  required=&#8221;true&#8221; \/][contact-field label=&#8221;Correo electr\u00f3nico&#8221; type=&#8221;email&#8221; required=&#8221;true&#8221; \/][contact-field label=&#8221;Mensaje&#8221; type=&#8221;textarea&#8221; \/][\/contact-form]<\/p>\n","protected":false},"featured_media":28756,"template":"","meta":[],"product_brand":[],"product_cat":[14],"product_tag":[61,41,40,46,45,48,42,47,44,131,103],"class_list":["post-28743","product","type-product","status-publish","has-post-thumbnail","product_cat-mantillas-y-velos","product_tag-encaje-granadino","product_tag-manila","product_tag-manton","product_tag-manton-bordado","product_tag-manton-de-manila","product_tag-manton-manila-antiguo","product_tag-mantones","product_tag-mantones-antiguos","product_tag-mantones-de-manila","product_tag-velo-antiguo","product_tag-velo-de-novia","first","instock","sold-individually","taxable","shipping-taxable","product-type-simple"],"_links":{"self":[{"href":"https:\/\/mantonesdelsur.com\/en\/wp-json\/wp\/v2\/product\/28743","targetHints":{"allow":["GET"]}}],"collection":[{"href":"https:\/\/mantonesdelsur.com\/en\/wp-json\/wp\/v2\/product"}],"about":[{"href":"https:\/\/mantonesdelsur.com\/en\/wp-json\/wp\/v2\/types\/product"}],"wp:featuredmedia":[{"embeddable":true,"href":"https:\/\/mantonesdelsur.com\/en\/wp-json\/wp\/v2\/media\/28756"}],"wp:attachment":[{"href":"https:\/\/mantonesdelsur.com\/en\/wp-json\/wp\/v2\/media?parent=28743"}],"wp:term":[{"taxonomy":"product_brand","embeddable":true,"href":"https:\/\/mantonesdelsur.com\/en\/wp-json\/wp\/v2\/product_brand?post=28743"},{"taxonomy":"product_cat","embeddable":true,"href":"https:\/\/mantonesdelsur.com\/en\/wp-json\/wp\/v2\/product_cat?post=28743"},{"taxonomy":"product_tag","embeddable":true,"href":"https:\/\/mantonesdelsur.com\/en\/wp-json\/wp\/v2\/product_tag?post=28743"}],"curies":[{"name":"wp","href":"https:\/\/api.w.org\/{rel}","templated":true}]}}

<p style="text-align: justify">Capa o Velo de novia, realizado en tul de seda de finales del siglo XIX o principios del siglo XX. Está realizada a mano, teniendo una forma rectangular mediante dos piezas que se están uniendo y entolando, con bordados de hojas, helechos , plantas y flores, con un diseño muy al estilo del Art. Decó, el motivo o dibujo de extraordinaria  belleza. Está actualmente en limpieza y restauración.</p>
<p>Sus medidas aproximadamente son 330 cm de largo, por 150 cm de ancho</p>

<p style="text-align: justify">Capa o Velo de novia, realizado en tul de seda de finales del siglo XIX o principios del siglo XX. Está realizada a mano, teniendo una forma rectangular mediante dos piezas que se están uniendo y entolando, con bordados de hojas, helechos , plantas y flores, con un diseño muy al estilo del Art. Decó, el motivo o dibujo de extraordinaria  belleza. Está actualmente en limpieza y restauración.</p>
<p>Sus medidas aproximadamente son 330 cm de largo, por 150 cm de ancho</p>
<p>[contact-form][contact-field label=&#8221;Nombre&#8221; type=&#8221;name&#8221;  required=&#8221;true&#8221; /][contact-field label=&#8221;Correo electrónico&#8221; type=&#8221;email&#8221; required=&#8221;true&#8221; /][contact-field label=&#8221;Mensaje&#8221; type=&#8221;textarea&#8221; /][/contact-form]</p>
