{"id":28103,"date":"2022-12-20T16:46:28","date_gmt":"2022-12-20T16:46:28","guid":{"rendered":"https:\/\/mantonesdelsur.com\/?post_type=product&#038;p=28103"},"modified":"2026-03-05T21:21:41","modified_gmt":"2026-03-05T21:21:41","slug":"manton-chal-lame-art-deco-m165","status":"publish","type":"product","link":"https:\/\/mantonesdelsur.com\/en\/producto\/art-deco-en\/manton-chal-lame-art-deco-m165\/","title":{"rendered":"Mant\u00f3n Chal Lame Art Deco (M165)"},"content":{"rendered":"","protected":false},"excerpt":{"rendered":"<p style=\"text-align: justify\">Espectacular Mant\u00f3n\/Chal Art Deco de los a\u00f1os 20 (1925) de lame dorado en fin\u00edsima seda color naranja caldera.\u00a0 Con dise\u00f1o geom\u00e9tricos, estando la seda y el lame (laminas) en perfecto estado de conservaci\u00f3n, sin que el paso de los a\u00f1os hubiese oscurecidos el dorado.<\/p>\n<p>Este suntuoso tejido\u00a0 tiene su origen en las artes visuales en Par\u00eds (Francia) en 1925, con la Exposici\u00f3n Internacional Universal de las Artes Decorativas, donde surgi\u00f3 el Art Dec\u00f3<\/p>\n<p>Teniendo el dise\u00f1o de este tejido influencia obviamente de los artistas que actuaron durante este periodo, por lo que es dif\u00edcil encontrar un mant\u00f3n-chal de estas caracter\u00edsticas en muy buen estado de conservaci\u00f3n, ya que fueron prendas elaboradas para un sector del p\u00fablico de nivel elevado y con un gusto marcado por las corrientes imperantes en la \u00e9poca, que no fueron aceptadas por la mayor\u00eda.<\/p>\n<p>El chal es cuadrado, y por todos sus lados del tiene flecos anudados a mano, con hilos de seda color vino tinto. Su estado de conservaci\u00f3n es excelente.<\/p>\n<p style=\"text-align: justify\">Sus medidas son 130 cm por 130 cm m\u00e1s 50 cm de flecos.<\/p>\n","protected":false},"featured_media":28127,"template":"","meta":[],"product_brand":[],"product_cat":[100,17,16,66],"product_tag":[41,40,46,49,45,48,64,63,42,47,44],"class_list":["post-28103","product","type-product","status-publish","has-post-thumbnail","product_cat-art-deco","product_cat-chal-bordado","product_cat-manton-de-manila","product_cat-textil-antiguo","product_tag-manila","product_tag-manton","product_tag-manton-bordado","product_tag-manton-de-flamenca","product_tag-manton-de-manila","product_tag-manton-manila-antiguo","product_tag-mantoncillo-gitana","product_tag-mantoncillo-para-traje-de-gitana","product_tag-mantones","product_tag-mantones-antiguos","product_tag-mantones-de-manila","first","instock","sold-individually","taxable","shipping-taxable","purchasable","product-type-simple"],"_links":{"self":[{"href":"https:\/\/mantonesdelsur.com\/en\/wp-json\/wp\/v2\/product\/28103","targetHints":{"allow":["GET"]}}],"collection":[{"href":"https:\/\/mantonesdelsur.com\/en\/wp-json\/wp\/v2\/product"}],"about":[{"href":"https:\/\/mantonesdelsur.com\/en\/wp-json\/wp\/v2\/types\/product"}],"wp:featuredmedia":[{"embeddable":true,"href":"https:\/\/mantonesdelsur.com\/en\/wp-json\/wp\/v2\/media\/28127"}],"wp:attachment":[{"href":"https:\/\/mantonesdelsur.com\/en\/wp-json\/wp\/v2\/media?parent=28103"}],"wp:term":[{"taxonomy":"product_brand","embeddable":true,"href":"https:\/\/mantonesdelsur.com\/en\/wp-json\/wp\/v2\/product_brand?post=28103"},{"taxonomy":"product_cat","embeddable":true,"href":"https:\/\/mantonesdelsur.com\/en\/wp-json\/wp\/v2\/product_cat?post=28103"},{"taxonomy":"product_tag","embeddable":true,"href":"https:\/\/mantonesdelsur.com\/en\/wp-json\/wp\/v2\/product_tag?post=28103"}],"curies":[{"name":"wp","href":"https:\/\/api.w.org\/{rel}","templated":true}]}}

Mantón Chal Lame Art Deco (M165)

<p style="text-align: justify">Espectacular Mantón/Chal Art Deco de los años 20 (1925) de lame dorado en finísima seda color naranja caldera.  Con diseño geométricos, estando la seda y el lame (laminas) en perfecto estado de conservación, sin que el paso de los años hubiese oscurecidos el dorado.</p>
<p>Este suntuoso tejido  tiene su origen en las artes visuales en París (Francia) en 1925, con la Exposición Internacional Universal de las Artes Decorativas, donde surgió el Art Decó</p>
<p>Teniendo el diseño de este tejido influencia obviamente de los artistas que actuaron durante este periodo, por lo que es difícil encontrar un mantón-chal de estas características en muy buen estado de conservación, ya que fueron prendas elaboradas para un sector del público de nivel elevado y con un gusto marcado por las corrientes imperantes en la época, que no fueron aceptadas por la mayoría.</p>
<p>El chal es cuadrado, y por todos sus lados del tiene flecos anudados a mano, con hilos de seda color vino tinto. Su estado de conservación es excelente.</p>
<p style="text-align: justify">Sus medidas son 130 cm por 130 cm más 50 cm de flecos.</p>
