{"id":23239,"date":"2022-03-14T23:09:21","date_gmt":"2022-03-14T23:09:21","guid":{"rendered":"https:\/\/mantonesdelsur.com\/?post_type=product&#038;p=23239"},"modified":"2025-11-26T20:46:22","modified_gmt":"2025-11-26T20:46:22","slug":"manton-chal-lame-art-deco-m158","status":"publish","type":"product","link":"https:\/\/mantonesdelsur.com\/en\/producto\/art-deco-en\/manton-chal-lame-art-deco-m158\/","title":{"rendered":"Mant\u00f3n Chal Lame Art Deco (M158)"},"content":{"rendered":"","protected":false},"excerpt":{"rendered":"<p style=\"text-align: justify\">Espectacular mant\u00f3n\/chal Art Deco de los a\u00f1os 20 (1925) en seda color caldera con reflejos dorados, malvas, naranjas y azules.\u00a0 Con dise\u00f1o geom\u00e9trico de hojas y flores, estando la seda y el lam\u00e9 (laminas) en perfecto estado de conservaci\u00f3n, sin que el paso de los a\u00f1os hubiese oscurecidos el dorado.<\/p>\n<p>Este suntuoso tejido\u00a0 tiene su origen en las artes visuales en Par\u00eds (Francia) en 1925, con la Exposici\u00f3n Internacional Universal de las Artes Decorativas, donde surgi\u00f3 el Art Dec\u00f3<\/p>\n<p>Teniendo el dise\u00f1o de este tejido influencia obviamente de los artistas que actuaron durante este periodo, por lo que es dif\u00edcil encontrar un mant\u00f3n-chal de estas caracter\u00edsticas en muy buen estado de conservaci\u00f3n, ya que fueron prendas elaboradas para un sector del p\u00fablico de nivel elevado y con un gusto marcado por las corrientes imperantes en la \u00e9poca, que no fueron acepadas por la mayor\u00eda.<\/p>\n<p>El chal es rectangular, y por todos los lados tiene flecos urdidos a mano, con hilos de seda de color caldera, todo de \u00e9poca. Su estado de conservaci\u00f3n es excelente.<\/p>\n<p style=\"text-align: justify\">Sus medidas son 150 cm por 70 cm m\u00e1s 45 cm de flecos<\/p>\n","protected":false},"featured_media":23251,"template":"","meta":[],"product_brand":[],"product_cat":[100,17,16],"product_tag":[41,40,46,49,45,48,64,63,42,47,44],"class_list":["post-23239","product","type-product","status-publish","has-post-thumbnail","product_cat-art-deco","product_cat-chal-bordado","product_cat-manton-de-manila","product_tag-manila","product_tag-manton","product_tag-manton-bordado","product_tag-manton-de-flamenca","product_tag-manton-de-manila","product_tag-manton-manila-antiguo","product_tag-mantoncillo-gitana","product_tag-mantoncillo-para-traje-de-gitana","product_tag-mantones","product_tag-mantones-antiguos","product_tag-mantones-de-manila","first","instock","sold-individually","taxable","shipping-taxable","purchasable","product-type-simple"],"_links":{"self":[{"href":"https:\/\/mantonesdelsur.com\/en\/wp-json\/wp\/v2\/product\/23239","targetHints":{"allow":["GET"]}}],"collection":[{"href":"https:\/\/mantonesdelsur.com\/en\/wp-json\/wp\/v2\/product"}],"about":[{"href":"https:\/\/mantonesdelsur.com\/en\/wp-json\/wp\/v2\/types\/product"}],"wp:featuredmedia":[{"embeddable":true,"href":"https:\/\/mantonesdelsur.com\/en\/wp-json\/wp\/v2\/media\/23251"}],"wp:attachment":[{"href":"https:\/\/mantonesdelsur.com\/en\/wp-json\/wp\/v2\/media?parent=23239"}],"wp:term":[{"taxonomy":"product_brand","embeddable":true,"href":"https:\/\/mantonesdelsur.com\/en\/wp-json\/wp\/v2\/product_brand?post=23239"},{"taxonomy":"product_cat","embeddable":true,"href":"https:\/\/mantonesdelsur.com\/en\/wp-json\/wp\/v2\/product_cat?post=23239"},{"taxonomy":"product_tag","embeddable":true,"href":"https:\/\/mantonesdelsur.com\/en\/wp-json\/wp\/v2\/product_tag?post=23239"}],"curies":[{"name":"wp","href":"https:\/\/api.w.org\/{rel}","templated":true}]}}

Mantón Chal Lame Art Deco (M158)

<p style="text-align: justify">Espectacular mantón/chal Art Deco de los años 20 (1925) en seda color caldera con reflejos dorados, malvas, naranjas y azules.  Con diseño geométrico de hojas y flores, estando la seda y el lamé (laminas) en perfecto estado de conservación, sin que el paso de los años hubiese oscurecidos el dorado.</p>
<p>Este suntuoso tejido  tiene su origen en las artes visuales en París (Francia) en 1925, con la Exposición Internacional Universal de las Artes Decorativas, donde surgió el Art Decó</p>
<p>Teniendo el diseño de este tejido influencia obviamente de los artistas que actuaron durante este periodo, por lo que es difícil encontrar un mantón-chal de estas características en muy buen estado de conservación, ya que fueron prendas elaboradas para un sector del público de nivel elevado y con un gusto marcado por las corrientes imperantes en la época, que no fueron acepadas por la mayoría.</p>
<p>El chal es rectangular, y por todos los lados tiene flecos urdidos a mano, con hilos de seda de color caldera, todo de época. Su estado de conservación es excelente.</p>
<p style="text-align: justify">Sus medidas son 150 cm por 70 cm más 45 cm de flecos</p>
