{"id":22370,"date":"2022-02-02T00:43:06","date_gmt":"2022-02-02T00:43:06","guid":{"rendered":"https:\/\/mantonesdelsur.com\/?post_type=product&#038;p=22370"},"modified":"2026-05-08T10:12:30","modified_gmt":"2026-05-08T10:12:30","slug":"salisa-de-teatro-chal-o-capita-bordada-con-flores-ch029","status":"publish","type":"product","link":"https:\/\/mantonesdelsur.com\/en\/producto\/embroidered-shawls\/salisa-de-teatro-chal-o-capita-bordada-con-flores-ch029\/","title":{"rendered":"Salida de teatro, chal o capita bordada con flores (CH029)"},"content":{"rendered":"","protected":false},"excerpt":{"rendered":"<p style=\"text-align: justify\">Magn\u00edfica SALIDA DE TEATRO o CHAL BORDADO\u00a0 del ultimo tercio del Siglo\u00a0 XIX. Bordado en hilos de seda beige sobre seda del\u00a0 mismo color. El dise\u00f1o \u00fanico y maravilloso, con flores de peon\u00edas (rosa China), ramas y hojas, etc..<\/p>\n<p style=\"text-align: justify\">Muy bien ejecutado con puntadas cortas y peque\u00f1as. Con macram\u00e9 y borlas anudado a mano, teniendo un doble enflecado en todo el per\u00edmetro de debajo de la salida de teatro, simple en el cuello\u00a0 y en las solapas de cierre.,<\/p>\n<p>Lleva pasamaner\u00eda por detr\u00e1s con tres borlas colgando,\u00a0 y por delante cierre con dos cordones de seda con terminaci\u00f3n de borlas.<\/p>\n<p style=\"text-align: justify\">Buen estado de conservaci\u00f3n, cierto desgate por dentro de la zona del cuello debido a su uso y antiguedad. Sus medidas son de largo 180 cm, mas 15 cm a cada lado de flecos y de altura de 60cm y 15 de flecos.<\/p>\n","protected":false},"featured_media":41251,"template":"","meta":[],"product_brand":[],"product_cat":[17,16],"product_tag":[57,58,153,50,52,51,53,54,56,55,48,47,44,152],"class_list":["post-22370","product","type-product","status-publish","has-post-thumbnail","product_cat-chal-bordado","product_cat-manton-de-manila","product_tag-accesorio-de-fiesta","product_tag-accesorio-vintage","product_tag-capa","product_tag-chal","product_tag-chal-antiguo","product_tag-chal-bordado","product_tag-chal-cantones","product_tag-chal-de-fiesta","product_tag-chal-vintage","product_tag-echarpe","product_tag-manton-manila-antiguo","product_tag-mantones-antiguos","product_tag-mantones-de-manila","product_tag-salida-de-teatro","first","instock","taxable","shipping-taxable","product-type-simple"],"_links":{"self":[{"href":"https:\/\/mantonesdelsur.com\/en\/wp-json\/wp\/v2\/product\/22370","targetHints":{"allow":["GET"]}}],"collection":[{"href":"https:\/\/mantonesdelsur.com\/en\/wp-json\/wp\/v2\/product"}],"about":[{"href":"https:\/\/mantonesdelsur.com\/en\/wp-json\/wp\/v2\/types\/product"}],"wp:featuredmedia":[{"embeddable":true,"href":"https:\/\/mantonesdelsur.com\/en\/wp-json\/wp\/v2\/media\/41251"}],"wp:attachment":[{"href":"https:\/\/mantonesdelsur.com\/en\/wp-json\/wp\/v2\/media?parent=22370"}],"wp:term":[{"taxonomy":"product_brand","embeddable":true,"href":"https:\/\/mantonesdelsur.com\/en\/wp-json\/wp\/v2\/product_brand?post=22370"},{"taxonomy":"product_cat","embeddable":true,"href":"https:\/\/mantonesdelsur.com\/en\/wp-json\/wp\/v2\/product_cat?post=22370"},{"taxonomy":"product_tag","embeddable":true,"href":"https:\/\/mantonesdelsur.com\/en\/wp-json\/wp\/v2\/product_tag?post=22370"}],"curies":[{"name":"wp","href":"https:\/\/api.w.org\/{rel}","templated":true}]}}

<p style="text-align: justify">Magnífica SALIDA DE TEATRO o CHAL BORDADO  del ultimo tercio del Siglo  XIX. Bordado en hilos de seda beige sobre seda del  mismo color. El diseño único y maravilloso, con flores de peonías (rosa China), ramas y hojas, etc..</p>
<p style="text-align: justify">Muy bien ejecutado con puntadas cortas y pequeñas. Con macramé y borlas anudado a mano, teniendo un doble enflecado en todo el perímetro de debajo de la salida de teatro, simple en el cuello  y en las solapas de cierre.,</p>
<p>Lleva pasamanería por detrás con tres borlas colgando,  y por delante cierre con dos cordones de seda con terminación de borlas.</p>
<p style="text-align: justify">Buen estado de conservación, cierto desgate por dentro de la zona del cuello debido a su uso y antiguedad. Sus medidas son de largo 180 cm, mas 15 cm a cada lado de flecos y de altura de 60cm y 15 de flecos.</p>
