{"id":21337,"date":"2021-11-29T23:36:15","date_gmt":"2021-11-29T23:36:15","guid":{"rendered":"https:\/\/mantonesdelsur.com\/?post_type=product&#038;p=21337"},"modified":"2021-11-29T23:55:41","modified_gmt":"2021-11-29T23:55:41","slug":"mantilla-negra-de-seda-mn196","status":"publish","type":"product","link":"https:\/\/mantonesdelsur.com\/en\/producto\/sin-categorizar\/mantilla-negra-de-seda-mn196\/","title":{"rendered":"Mantilla negra de seda (MN196)"},"content":{"rendered":"","protected":false},"excerpt":{"rendered":"<p style=\"text-align: justify\">Maravillosa mantilla\u00a0 negra en seda, de encaje Franc\u00e9s de principios del Siglo XX. Bordada de manera manual sobre un tul mec\u00e1nico, de las llamadas de &#8220;toalla&#8221; o rectangular. El dise\u00f1o \u00fanico y maravilloso. Una doble cenefa de flores y otra de tr\u00e9boles, salpicado todo el panel central por topos o plumetti y peque\u00f1as flore. Es una mantilla muy utilizable para madrinas peque\u00f1as y que quieran llevar algo muy et\u00e9reo y discreto<\/p>\n<p style=\"text-align: justify\">Su tem\u00e1tica es una\u00a0 doble guirnalda que recorre todo el contorno de la mantilla que finaliza en arcos ojivales con remate de flores, adornando la zona central con ramilletes de flores y topos o plumetti. Una obra de arte y refinamiento.\u00a0 Buen estado de conservaci\u00f3n, alg\u00fan que otro peque\u00f1\u00edsimo agujero que pasa totalmente desapercibido.<\/p>\n<p style=\"text-align: justify\">Sus medidas son 215 cm de largo por\u00a0 80 cm de ancho.<\/p>\n<p>[contact-form][contact-field label=&#8221;Nombre&#8221; type=&#8221;name&#8221;  required=&#8221;true&#8221; \/][contact-field label=&#8221;Correo electr\u00f3nico&#8221; type=&#8221;email&#8221; required=&#8221;true&#8221; \/][contact-field label=&#8221;Mensaje&#8221; type=&#8221;textarea&#8221; \/][\/contact-form]<\/p>\n","protected":false},"featured_media":21340,"template":"","meta":[],"product_brand":[],"product_cat":[14],"product_tag":[61,41,102,40,46,45,48,42,47,44],"class_list":["post-21337","product","type-product","status-publish","has-post-thumbnail","product_cat-mantillas-y-velos","product_tag-encaje-granadino","product_tag-manila","product_tag-mantilla","product_tag-manton","product_tag-manton-bordado","product_tag-manton-de-manila","product_tag-manton-manila-antiguo","product_tag-mantones","product_tag-mantones-antiguos","product_tag-mantones-de-manila","first","instock","sold-individually","taxable","shipping-taxable","purchasable","product-type-simple"],"_links":{"self":[{"href":"https:\/\/mantonesdelsur.com\/en\/wp-json\/wp\/v2\/product\/21337","targetHints":{"allow":["GET"]}}],"collection":[{"href":"https:\/\/mantonesdelsur.com\/en\/wp-json\/wp\/v2\/product"}],"about":[{"href":"https:\/\/mantonesdelsur.com\/en\/wp-json\/wp\/v2\/types\/product"}],"wp:featuredmedia":[{"embeddable":true,"href":"https:\/\/mantonesdelsur.com\/en\/wp-json\/wp\/v2\/media\/21340"}],"wp:attachment":[{"href":"https:\/\/mantonesdelsur.com\/en\/wp-json\/wp\/v2\/media?parent=21337"}],"wp:term":[{"taxonomy":"product_brand","embeddable":true,"href":"https:\/\/mantonesdelsur.com\/en\/wp-json\/wp\/v2\/product_brand?post=21337"},{"taxonomy":"product_cat","embeddable":true,"href":"https:\/\/mantonesdelsur.com\/en\/wp-json\/wp\/v2\/product_cat?post=21337"},{"taxonomy":"product_tag","embeddable":true,"href":"https:\/\/mantonesdelsur.com\/en\/wp-json\/wp\/v2\/product_tag?post=21337"}],"curies":[{"name":"wp","href":"https:\/\/api.w.org\/{rel}","templated":true}]}}

<p style="text-align: justify">Maravillosa mantilla  negra en seda, de encaje Francés de principios del Siglo XX. Bordada de manera manual sobre un tul mecánico, de las llamadas de &#8220;toalla&#8221; o rectangular. El diseño único y maravilloso. Una doble cenefa de flores y otra de tréboles, salpicado todo el panel central por topos o plumetti y pequeñas flore. Es una mantilla muy utilizable para madrinas pequeñas y que quieran llevar algo muy etéreo y discreto</p>
<p style="text-align: justify">Su temática es una  doble guirnalda que recorre todo el contorno de la mantilla que finaliza en arcos ojivales con remate de flores, adornando la zona central con ramilletes de flores y topos o plumetti. Una obra de arte y refinamiento.  Buen estado de conservación, algún que otro pequeñísimo agujero que pasa totalmente desapercibido.</p>
<p style="text-align: justify">Sus medidas son 215 cm de largo por  80 cm de ancho.</p>
<p>[contact-form][contact-field label=&#8221;Nombre&#8221; type=&#8221;name&#8221;  required=&#8221;true&#8221; /][contact-field label=&#8221;Correo electrónico&#8221; type=&#8221;email&#8221; required=&#8221;true&#8221; /][contact-field label=&#8221;Mensaje&#8221; type=&#8221;textarea&#8221; /][/contact-form]</p>
