{"id":19699,"date":"2021-08-10T19:08:08","date_gmt":"2021-08-10T19:08:08","guid":{"rendered":"https:\/\/mantonesdelsur.com\/?post_type=product&#038;p=19699"},"modified":"2026-01-24T11:34:53","modified_gmt":"2026-01-24T11:34:53","slug":"manton-merino-en-lana-caschemir-m137","status":"publish","type":"product","link":"https:\/\/mantonesdelsur.com\/en\/producto\/canton-shawls\/manton-merino-en-lana-caschemir-m137\/","title":{"rendered":"Mant\u00f3n Merino en Lana Caschemir (M137)"},"content":{"rendered":"","protected":false},"excerpt":{"rendered":"<p style=\"text-align: justify\">\u00a0Mant\u00f3n de lana fina con dibujos de caschemir de finales del siglo XIX o principios del siglo XX , realizado en lana fina con un color caldera\u00a0 predominate, donde destacana los rojos, negros, verdes, ocres, , amarillos, etc el cual tienes dibujos de caschemir en vivos colores.<\/p>\n<p style=\"text-align: justify\">\u00a0Se encuentra en buen estado de conservaci\u00f3n, si bien se encuentra en proceso de restauraci\u00f3n por picadas prpias del `paso del tiempo,\u00a0 almacenamiento y antig\u00fcedad, imperceptible cuando se coloca de chal. Muy elegante y original. El mant\u00f3n est\u00e1 rodeado por\u00a0 flecos\u00a0 y macram\u00e9 de colores que se identifican con el dibijo<\/p>\n<p style=\"text-align: justify\">El pa\u00f1o realizado de manera manual en telar. con un enrejado y flecos de los mismos colores entremezclados, todos anudados a\u00a0 mano.<\/p>\n<p>Sus medidas son 130cm por 130 cm mas 35 cm de flecos. Pa\u00f1o elegante y muy oto\u00f1al, con colores claidos y tierras, pura artesania antigua de otra \u00e9poca, actuamente en limpieza y restauracion.<\/p>\n<p>&nbsp;<\/p>\n","protected":false},"featured_media":37082,"template":"","meta":[],"product_brand":[],"product_cat":[16],"product_tag":[43,40,46,49,45,48,60,47,44],"class_list":["post-19699","product","type-product","status-publish","has-post-thumbnail","product_cat-manton-de-manila","product_tag-bordado","product_tag-manton","product_tag-manton-bordado","product_tag-manton-de-flamenca","product_tag-manton-de-manila","product_tag-manton-manila-antiguo","product_tag-manton-vintage","product_tag-mantones-antiguos","product_tag-mantones-de-manila","first","instock","taxable","shipping-taxable","purchasable","product-type-simple"],"_links":{"self":[{"href":"https:\/\/mantonesdelsur.com\/en\/wp-json\/wp\/v2\/product\/19699","targetHints":{"allow":["GET"]}}],"collection":[{"href":"https:\/\/mantonesdelsur.com\/en\/wp-json\/wp\/v2\/product"}],"about":[{"href":"https:\/\/mantonesdelsur.com\/en\/wp-json\/wp\/v2\/types\/product"}],"wp:featuredmedia":[{"embeddable":true,"href":"https:\/\/mantonesdelsur.com\/en\/wp-json\/wp\/v2\/media\/37082"}],"wp:attachment":[{"href":"https:\/\/mantonesdelsur.com\/en\/wp-json\/wp\/v2\/media?parent=19699"}],"wp:term":[{"taxonomy":"product_brand","embeddable":true,"href":"https:\/\/mantonesdelsur.com\/en\/wp-json\/wp\/v2\/product_brand?post=19699"},{"taxonomy":"product_cat","embeddable":true,"href":"https:\/\/mantonesdelsur.com\/en\/wp-json\/wp\/v2\/product_cat?post=19699"},{"taxonomy":"product_tag","embeddable":true,"href":"https:\/\/mantonesdelsur.com\/en\/wp-json\/wp\/v2\/product_tag?post=19699"}],"curies":[{"name":"wp","href":"https:\/\/api.w.org\/{rel}","templated":true}]}}

Mantón Merino en Lana Caschemir (M137)

<p style="text-align: justify"> Mantón de lana fina con dibujos de caschemir de finales del siglo XIX o principios del siglo XX , realizado en lana fina con un color caldera  predominate, donde destacana los rojos, negros, verdes, ocres, , amarillos, etc el cual tienes dibujos de caschemir en vivos colores.</p>
<p style="text-align: justify"> Se encuentra en buen estado de conservación, si bien se encuentra en proceso de restauración por picadas prpias del `paso del tiempo,  almacenamiento y antigüedad, imperceptible cuando se coloca de chal. Muy elegante y original. El mantón está rodeado por  flecos  y macramé de colores que se identifican con el dibijo</p>
<p style="text-align: justify">El paño realizado de manera manual en telar. con un enrejado y flecos de los mismos colores entremezclados, todos anudados a  mano.</p>
<p>Sus medidas son 130cm por 130 cm mas 35 cm de flecos. Paño elegante y muy otoñal, con colores claidos y tierras, pura artesania antigua de otra época, actuamente en limpieza y restauracion.</p>
<p>&nbsp;</p>
