{"id":17698,"date":"2021-04-03T19:03:33","date_gmt":"2021-04-03T19:03:33","guid":{"rendered":"https:\/\/mantonesdelsur.com\/?post_type=product&#038;p=17698"},"modified":"2021-10-08T13:18:26","modified_gmt":"2021-10-08T13:18:26","slug":"mantilla-beige-de-encaje-frances-mn158","status":"publish","type":"product","link":"https:\/\/mantonesdelsur.com\/en\/producto\/sin-categorizar\/mantilla-beige-de-encaje-frances-mn158\/","title":{"rendered":"Mantilla beige de encaje Franc\u00e9s  (MN158)"},"content":{"rendered":"","protected":false},"excerpt":{"rendered":"<p style=\"text-align: justify\">Magn\u00edfica y espectacular mantilla\u00a0 beige en pico de encaje Franc\u00e9s de finales del siglo XIX, \u00e9poca Napole\u00f3n III. Efectuada a mano. El dise\u00f1o \u00fanico y maravilloso.<br \/>\nSu tem\u00e1tica es de flores, hojas y ramas, tiene una serie de volutas y elementos geom\u00e9tricos de donde se intercalan\u00a0 medallones decrecientes de flores y hojas, formando pin\u00e1culos alternativos unos de ramos de flores y otros de hojas estilizadas. En el lado opuesto, y cogiendo el panel central, una gran guirnalda entrelazada con motivos de vid, de lasque cuelgan pin\u00e1culos con sarmientos, uvas y hojas de\u00a0 vides, que se entrecruzan con los pin\u00e1culos de flores y hojas, todo ello salpicado de plumetti o topos. Una obra de arte y refinamiento. Magnifico estado de conservaci\u00f3n. Puede ser utilizada de velo de novia, mantilla o chal-capa.<\/p>\n<p style=\"text-align: justify\">Sus medidas son 290 cm por el lado m\u00e1s grande y 200 cm por los otros dos lados.<\/p>\n<p>[contact-form][contact-field label=&#8221;Nombre&#8221; type=&#8221;name&#8221;  required=&#8221;true&#8221; \/][contact-field label=&#8221;Correo electr\u00f3nico&#8221; type=&#8221;email&#8221; required=&#8221;true&#8221; \/][contact-field label=&#8221;Mensaje&#8221; type=&#8221;textarea&#8221; \/][\/contact-form]<\/p>\n","protected":false},"featured_media":17704,"template":"","meta":[],"product_brand":[],"product_cat":[14],"product_tag":[61,41,102,40,46,45,48,42,47,44],"class_list":["post-17698","product","type-product","status-publish","has-post-thumbnail","product_cat-mantillas-y-velos","product_tag-encaje-granadino","product_tag-manila","product_tag-mantilla","product_tag-manton","product_tag-manton-bordado","product_tag-manton-de-manila","product_tag-manton-manila-antiguo","product_tag-mantones","product_tag-mantones-antiguos","product_tag-mantones-de-manila","first","instock","sold-individually","taxable","shipping-taxable","product-type-simple"],"_links":{"self":[{"href":"https:\/\/mantonesdelsur.com\/en\/wp-json\/wp\/v2\/product\/17698","targetHints":{"allow":["GET"]}}],"collection":[{"href":"https:\/\/mantonesdelsur.com\/en\/wp-json\/wp\/v2\/product"}],"about":[{"href":"https:\/\/mantonesdelsur.com\/en\/wp-json\/wp\/v2\/types\/product"}],"wp:featuredmedia":[{"embeddable":true,"href":"https:\/\/mantonesdelsur.com\/en\/wp-json\/wp\/v2\/media\/17704"}],"wp:attachment":[{"href":"https:\/\/mantonesdelsur.com\/en\/wp-json\/wp\/v2\/media?parent=17698"}],"wp:term":[{"taxonomy":"product_brand","embeddable":true,"href":"https:\/\/mantonesdelsur.com\/en\/wp-json\/wp\/v2\/product_brand?post=17698"},{"taxonomy":"product_cat","embeddable":true,"href":"https:\/\/mantonesdelsur.com\/en\/wp-json\/wp\/v2\/product_cat?post=17698"},{"taxonomy":"product_tag","embeddable":true,"href":"https:\/\/mantonesdelsur.com\/en\/wp-json\/wp\/v2\/product_tag?post=17698"}],"curies":[{"name":"wp","href":"https:\/\/api.w.org\/{rel}","templated":true}]}}

Mantilla beige de encaje Francés  (MN158)

<p style="text-align: justify">Magnífica y espectacular mantilla  beige en pico de encaje Francés de finales del siglo XIX, época Napoleón III. Efectuada a mano. El diseño único y maravilloso.<br />
Su temática es de flores, hojas y ramas, tiene una serie de volutas y elementos geométricos de donde se intercalan  medallones decrecientes de flores y hojas, formando pináculos alternativos unos de ramos de flores y otros de hojas estilizadas. En el lado opuesto, y cogiendo el panel central, una gran guirnalda entrelazada con motivos de vid, de lasque cuelgan pináculos con sarmientos, uvas y hojas de  vides, que se entrecruzan con los pináculos de flores y hojas, todo ello salpicado de plumetti o topos. Una obra de arte y refinamiento. Magnifico estado de conservación. Puede ser utilizada de velo de novia, mantilla o chal-capa.</p>
<p style="text-align: justify">Sus medidas son 290 cm por el lado más grande y 200 cm por los otros dos lados.</p>
<p>[contact-form][contact-field label=&#8221;Nombre&#8221; type=&#8221;name&#8221;  required=&#8221;true&#8221; /][contact-field label=&#8221;Correo electrónico&#8221; type=&#8221;email&#8221; required=&#8221;true&#8221; /][contact-field label=&#8221;Mensaje&#8221; type=&#8221;textarea&#8221; /][/contact-form]</p>
