{"id":16538,"date":"2020-12-20T19:38:09","date_gmt":"2020-12-20T19:38:09","guid":{"rendered":"https:\/\/mantonesdelsur.com\/?post_type=product&#038;p=16538"},"modified":"2021-04-08T19:47:48","modified_gmt":"2021-04-08T19:47:48","slug":"mantilla-velo-de-encaje-carrickmacross-mn036","status":"publish","type":"product","link":"https:\/\/mantonesdelsur.com\/en\/producto\/sin-categorizar\/mantilla-velo-de-encaje-carrickmacross-mn036\/","title":{"rendered":"Mantilla Velo de encaje Carrickmacross (MN036)"},"content":{"rendered":"","protected":false},"excerpt":{"rendered":"<p style=\"text-align: justify\">Maravillosa mantilla\u00a0 de encaje de finales del siglo XIX (a\u00f1o 1880), bordada sobre un tul de seda fina a mano con punto de aguja identificada como una versi\u00f3n belga de Carrickmacross.<\/p>\n<p style=\"text-align: justify\">\u00a0Su tem\u00e1tica es de flores, hojas y ramas en todo el borde del velo. Surtido con bonitas puntadas \u00a0bordadas de fantas\u00edas \u00a0como rellenos, y una terminaci\u00f3n en forma de blonda semi curvada. En su interior ramilletes de flores bordadas de manera salteadas.<\/p>\n<p style=\"text-align: justify\">Muy buen estado en general, un par de agujeros muy peque\u00f1os en el tul. Lavado y limpio. Color beige rudo, ideal para novias. Aproximadamente por 280 cm por el v\u00e9rtice mas largo y por los otros dos v\u00e9rtices\u00a0 205 cm<\/p>\n<p>[contact-form][contact-field label=&#8221;Nombre&#8221; type=&#8221;name&#8221;  required=&#8221;true&#8221; \/][contact-field label=&#8221;Correo electr\u00f3nico&#8221; type=&#8221;email&#8221; required=&#8221;true&#8221; \/][contact-field label=&#8221;Mensaje&#8221; type=&#8221;textarea&#8221; \/][\/contact-form]<\/p>\n","protected":false},"featured_media":16539,"template":"","meta":[],"product_brand":[],"product_cat":[14],"product_tag":[61,41,40,46,45,48,42,47,44,131,130,112],"class_list":["post-16538","product","type-product","status-publish","has-post-thumbnail","product_cat-mantillas-y-velos","product_tag-encaje-granadino","product_tag-manila","product_tag-manton","product_tag-manton-bordado","product_tag-manton-de-manila","product_tag-manton-manila-antiguo","product_tag-mantones","product_tag-mantones-antiguos","product_tag-mantones-de-manila","product_tag-velo-antiguo","product_tag-velo-antiguo-encaje","product_tag-velo-novia","first","instock","sold-individually","taxable","shipping-taxable","product-type-simple"],"_links":{"self":[{"href":"https:\/\/mantonesdelsur.com\/en\/wp-json\/wp\/v2\/product\/16538","targetHints":{"allow":["GET"]}}],"collection":[{"href":"https:\/\/mantonesdelsur.com\/en\/wp-json\/wp\/v2\/product"}],"about":[{"href":"https:\/\/mantonesdelsur.com\/en\/wp-json\/wp\/v2\/types\/product"}],"wp:featuredmedia":[{"embeddable":true,"href":"https:\/\/mantonesdelsur.com\/en\/wp-json\/wp\/v2\/media\/16539"}],"wp:attachment":[{"href":"https:\/\/mantonesdelsur.com\/en\/wp-json\/wp\/v2\/media?parent=16538"}],"wp:term":[{"taxonomy":"product_brand","embeddable":true,"href":"https:\/\/mantonesdelsur.com\/en\/wp-json\/wp\/v2\/product_brand?post=16538"},{"taxonomy":"product_cat","embeddable":true,"href":"https:\/\/mantonesdelsur.com\/en\/wp-json\/wp\/v2\/product_cat?post=16538"},{"taxonomy":"product_tag","embeddable":true,"href":"https:\/\/mantonesdelsur.com\/en\/wp-json\/wp\/v2\/product_tag?post=16538"}],"curies":[{"name":"wp","href":"https:\/\/api.w.org\/{rel}","templated":true}]}}

<p style="text-align: justify">Maravillosa mantilla  de encaje de finales del siglo XIX (año 1880), bordada sobre un tul de seda fina a mano con punto de aguja identificada como una versión belga de Carrickmacross.</p>
<p style="text-align: justify"> Su temática es de flores, hojas y ramas en todo el borde del velo. Surtido con bonitas puntadas  bordadas de fantasías  como rellenos, y una terminación en forma de blonda semi curvada. En su interior ramilletes de flores bordadas de manera salteadas.</p>
<p style="text-align: justify">Muy buen estado en general, un par de agujeros muy pequeños en el tul. Lavado y limpio. Color beige rudo, ideal para novias. Aproximadamente por 280 cm por el vértice mas largo y por los otros dos vértices  205 cm</p>
<p>[contact-form][contact-field label=&#8221;Nombre&#8221; type=&#8221;name&#8221;  required=&#8221;true&#8221; /][contact-field label=&#8221;Correo electrónico&#8221; type=&#8221;email&#8221; required=&#8221;true&#8221; /][contact-field label=&#8221;Mensaje&#8221; type=&#8221;textarea&#8221; /][/contact-form]</p>
