{"id":16523,"date":"2020-12-20T18:07:11","date_gmt":"2020-12-20T18:07:11","guid":{"rendered":"https:\/\/mantonesdelsur.com\/?post_type=product&#038;p=16523"},"modified":"2026-06-08T09:15:11","modified_gmt":"2026-06-08T09:15:11","slug":"mantilla-de-encaje-duquesa-mn022","status":"publish","type":"product","link":"https:\/\/mantonesdelsur.com\/en\/producto\/sin-categorizar\/mantilla-de-encaje-duquesa-mn022\/","title":{"rendered":"Mantilla de encaje Duquesa (MN022)"},"content":{"rendered":"","protected":false},"excerpt":{"rendered":"<p style=\"text-align: justify\">Magnifica Mantilla de encaje\u00a0 de Bruselas en punto Duquesa,\u00a0 en lino y algod\u00f3n de finales del siglo XIX 1890.<\/p>\n<p style=\"text-align: justify\">Est\u00e1 efectuada a mano en una sola pieza, \u00a0decorada en simetr\u00eda libre con cartelas decoradas con una variante del copo de nieve, de la que surge un jarr\u00f3n de tulipanes y flores ex\u00f3ticas, follaje variado y flores en flor, los motivos unidos por tiras de picot\u00e9. Algod\u00f3n o lino como hemos indicado, teniendo motivos de flores entrelazadas y vegetales en todo el panel central de extraordinaria\u00a0 belleza.<\/p>\n<p style=\"text-align: justify\">Es una mantilla grande. Sus medidas son aproximadamente de casi tres metros de largo , concretamente\u00a0 290 cm de largo y\u00a0 de 55 cm de ancho. Est\u00e1 en muy buen estado de conservaci\u00f3n, o sea,\u00a0 impecable. Color beige clarito.<\/p>\n<p>&nbsp;<\/p>\n<p>&nbsp;<\/p>\n<p>&nbsp;<\/p>\n<p>&nbsp;<\/p>\n","protected":false},"featured_media":51959,"template":"","meta":[],"product_brand":[],"product_cat":[14],"product_tag":[61,41,40,46,45,48,42,47,44,131,103],"class_list":["post-16523","product","type-product","status-publish","has-post-thumbnail","product_cat-mantillas-y-velos","product_tag-encaje-granadino","product_tag-manila","product_tag-manton","product_tag-manton-bordado","product_tag-manton-de-manila","product_tag-manton-manila-antiguo","product_tag-mantones","product_tag-mantones-antiguos","product_tag-mantones-de-manila","product_tag-velo-antiguo","product_tag-velo-de-novia","first","instock","taxable","shipping-taxable","product-type-simple"],"_links":{"self":[{"href":"https:\/\/mantonesdelsur.com\/en\/wp-json\/wp\/v2\/product\/16523","targetHints":{"allow":["GET"]}}],"collection":[{"href":"https:\/\/mantonesdelsur.com\/en\/wp-json\/wp\/v2\/product"}],"about":[{"href":"https:\/\/mantonesdelsur.com\/en\/wp-json\/wp\/v2\/types\/product"}],"wp:featuredmedia":[{"embeddable":true,"href":"https:\/\/mantonesdelsur.com\/en\/wp-json\/wp\/v2\/media\/51959"}],"wp:attachment":[{"href":"https:\/\/mantonesdelsur.com\/en\/wp-json\/wp\/v2\/media?parent=16523"}],"wp:term":[{"taxonomy":"product_brand","embeddable":true,"href":"https:\/\/mantonesdelsur.com\/en\/wp-json\/wp\/v2\/product_brand?post=16523"},{"taxonomy":"product_cat","embeddable":true,"href":"https:\/\/mantonesdelsur.com\/en\/wp-json\/wp\/v2\/product_cat?post=16523"},{"taxonomy":"product_tag","embeddable":true,"href":"https:\/\/mantonesdelsur.com\/en\/wp-json\/wp\/v2\/product_tag?post=16523"}],"curies":[{"name":"wp","href":"https:\/\/api.w.org\/{rel}","templated":true}]}}

<p style="text-align: justify">Magnifica Mantilla de encaje  de Bruselas en punto Duquesa,  en lino y algodón de finales del siglo XIX 1890.</p>
<p style="text-align: justify">Está efectuada a mano en una sola pieza,  decorada en simetría libre con cartelas decoradas con una variante del copo de nieve, de la que surge un jarrón de tulipanes y flores exóticas, follaje variado y flores en flor, los motivos unidos por tiras de picoté. Algodón o lino como hemos indicado, teniendo motivos de flores entrelazadas y vegetales en todo el panel central de extraordinaria  belleza.</p>
<p style="text-align: justify">Es una mantilla grande. Sus medidas son aproximadamente de casi tres metros de largo , concretamente  290 cm de largo y  de 55 cm de ancho. Está en muy buen estado de conservación, o sea,  impecable. Color beige clarito.</p>
<p>&nbsp;</p>
<p>&nbsp;</p>
<p>&nbsp;</p>
<p>&nbsp;</p>
