{"id":16447,"date":"2020-12-15T21:54:48","date_gmt":"2020-12-15T21:54:48","guid":{"rendered":"https:\/\/mantonesdelsur.com\/?post_type=product&#038;p=16447"},"modified":"2025-09-07T17:27:54","modified_gmt":"2025-09-07T17:27:54","slug":"manton-chal-paisley-anos-30-m124","status":"publish","type":"product","link":"https:\/\/mantonesdelsur.com\/en\/producto\/art-deco-en\/manton-chal-paisley-anos-30-m124\/","title":{"rendered":"Mant\u00f3n Chal Paisley  A\u00f1os 30  (M124)"},"content":{"rendered":"","protected":false},"excerpt":{"rendered":"<p style=\"text-align: justify\">Espectacular Manton Chal\u00a0 de la primera mitad del siglo XX (1930\/1940), realizado en telar a mano sobre seda color champan y dibujos de paisley en todos ocres, marrones y naranja.<\/p>\n<p style=\"text-align: justify\">El dise\u00f1o del paisley\u00a0tiene su origen en <a title=\"Persia\" href=\"https:\/\/es.wikipedia.org\/wiki\/Persia\">Persia<\/a>, donde se denomina\u00a0<i>boteh<\/i>\u00a0(arbusto), que hace referencia a peque\u00f1os \u00e1rboles de cipr\u00e9s. Este motivo fue utilizado por siglos en edificaciones que datan de la dinast\u00eda\u00a0<a title=\"Imperio sas\u00e1nida\" href=\"https:\/\/es.wikipedia.org\/wiki\/Imperio_sas%C3%A1nida\">sas\u00e1nida<\/a>, y posteriormente en la fabricaci\u00f3n de alfombras en la cultura persa antes de su introducci\u00f3n y comercializaci\u00f3n en la\u00a0<a title=\"India\" href=\"https:\/\/es.wikipedia.org\/wiki\/India\">India<\/a>.<\/p>\n<p style=\"text-align: justify\">Los soldados que volv\u00edan de las colonias brit\u00e1nicas llevaban chales de cachemira y la\u00a0<a title=\"Compa\u00f1\u00eda Brit\u00e1nica de las Indias Orientales\" href=\"https:\/\/es.wikipedia.org\/wiki\/Compa%C3%B1%C3%ADa_Brit%C3%A1nica_de_las_Indias_Orientales\">Compa\u00f1\u00eda de la Indias<\/a>\u00a0sigui\u00f3 import\u00e1ndolos. Las primeras imitaciones se hac\u00eda en telares manuales, pero a partir de 1820 se realizaron en\u00a0<a title=\"Telar de Jacquard\" href=\"https:\/\/es.wikipedia.org\/wiki\/Telar_de_Jacquard\">telares de Jacquard<\/a>.<sup id=\"cite_ref-Victoriana_2-0\" class=\"reference separada\"><\/sup><\/p>\n<p style=\"text-align: justify\">Entre 1800 y 1850, aproximadamente, los tejedores de la ciudad de\u00a0<a title=\"Paisley\" href=\"https:\/\/es.wikipedia.org\/wiki\/Paisley\">Paisley<\/a>\u00a0(Escocia), fueron los mayores productores de estos chales de cachemir (imitados), que se hicieron populares entre el pueblo anglosaj\u00f3n con el nombre de dise\u00f1o &#8220;Paisley&#8221;. Primero consiguieron trabajar el tejido del chal con cinco colores distintos, mientras que el resto de la industria lo hac\u00eda solamente con dos.<sup id=\"cite_ref-Victoriana_2-1\" class=\"reference separada\"><\/sup>\u00a0Hacia 1860, en Paisley pod\u00edan tejer chales con quince colores, que todav\u00eda no era m\u00e1s que la cuarta parte de los colores que presentaban los chales que se segu\u00edan importando de la regi\u00f3n de Cachemira.<\/p>\n<p style=\"text-align: justify\">Durante los siglos XVIII y XIX estos chales estuvieron tan cotizados que se imitaron en lana y <strong>en\u00a0<\/strong><a title=\"Seda\" href=\"https:\/\/es.wikipedia.org\/wiki\/Seda\"><strong>seda<\/strong><\/a>. En origen el dise\u00f1o se fabricaba en un\u00a0<a title=\"Telar\" href=\"https:\/\/es.wikipedia.org\/wiki\/Telar\">telar<\/a> (es decir, con hilos de seda y lanas de diversos colores que entretej\u00edan el dise\u00f1o).<\/p>\n<p style=\"text-align: justify\">\u00a0Poco m\u00e1s tarde en <a title=\"Inglaterra\" href=\"https:\/\/es.wikipedia.org\/wiki\/Inglaterra\">Inglaterra<\/a>\u00a0y en\u00a0<a title=\"Pa\u00edses Bajos\" href=\"https:\/\/es.wikipedia.org\/wiki\/Pa%C3%ADses_Bajos\">Pa\u00edses Bajos<\/a>\u00a0se sigui\u00f3 la misma t\u00e9cnica de estampado de cachemira. La llegada del estampado abarat\u00f3 los precios y a mediados de siglo los primeros grandes productores de Paisley se encontraban en la bancarrota. Sin embargo, los chales originales de Cachemira siguieron import\u00e1ndose. Aquellas familias que los pose\u00edan los consideraban un tesoro familiar, pues cada uno ten\u00eda el valor de una peque\u00f1a casa.\u00a0<sup id=\"cite_ref-3\" class=\"reference separada\"><\/sup>\u200b<\/p>\n<p style=\"text-align: justify\">\u00a0Se encuentra en muy buen estado de conservaci\u00f3n. Muy elegante y original. El mant\u00f3n est\u00e1 rodeado por\u00a0 flecos\u00a0 de color beige dorados, todos anudados a\u00a0 mano.<\/p>\n<p>Sus medidas son 135cm por 140 cm mas 30 cm de flecos.<\/p>\n<p>&nbsp;<\/p>\n","protected":false},"featured_media":16471,"template":"","meta":[],"product_brand":[],"product_cat":[100,16],"product_tag":[43,40,46,49,45,48,60,47,44],"class_list":["post-16447","product","type-product","status-publish","has-post-thumbnail","product_cat-art-deco","product_cat-manton-de-manila","product_tag-bordado","product_tag-manton","product_tag-manton-bordado","product_tag-manton-de-flamenca","product_tag-manton-de-manila","product_tag-manton-manila-antiguo","product_tag-manton-vintage","product_tag-mantones-antiguos","product_tag-mantones-de-manila","first","instock","sold-individually","taxable","shipping-taxable","purchasable","product-type-simple"],"_links":{"self":[{"href":"https:\/\/mantonesdelsur.com\/en\/wp-json\/wp\/v2\/product\/16447","targetHints":{"allow":["GET"]}}],"collection":[{"href":"https:\/\/mantonesdelsur.com\/en\/wp-json\/wp\/v2\/product"}],"about":[{"href":"https:\/\/mantonesdelsur.com\/en\/wp-json\/wp\/v2\/types\/product"}],"wp:featuredmedia":[{"embeddable":true,"href":"https:\/\/mantonesdelsur.com\/en\/wp-json\/wp\/v2\/media\/16471"}],"wp:attachment":[{"href":"https:\/\/mantonesdelsur.com\/en\/wp-json\/wp\/v2\/media?parent=16447"}],"wp:term":[{"taxonomy":"product_brand","embeddable":true,"href":"https:\/\/mantonesdelsur.com\/en\/wp-json\/wp\/v2\/product_brand?post=16447"},{"taxonomy":"product_cat","embeddable":true,"href":"https:\/\/mantonesdelsur.com\/en\/wp-json\/wp\/v2\/product_cat?post=16447"},{"taxonomy":"product_tag","embeddable":true,"href":"https:\/\/mantonesdelsur.com\/en\/wp-json\/wp\/v2\/product_tag?post=16447"}],"curies":[{"name":"wp","href":"https:\/\/api.w.org\/{rel}","templated":true}]}}

Mantón Chal Paisley  Años 30  (M124)

<p style="text-align: justify">Espectacular Manton Chal  de la primera mitad del siglo XX (1930/1940), realizado en telar a mano sobre seda color champan y dibujos de paisley en todos ocres, marrones y naranja.</p>
<p style="text-align: justify">El diseño del paisley tiene su origen en <a title="Persia" href="https://es.wikipedia.org/wiki/Persia">Persia</a>, donde se denomina <i>boteh</i> (arbusto), que hace referencia a pequeños árboles de ciprés. Este motivo fue utilizado por siglos en edificaciones que datan de la dinastía <a title="Imperio sasánida" href="https://es.wikipedia.org/wiki/Imperio_sas%C3%A1nida">sasánida</a>, y posteriormente en la fabricación de alfombras en la cultura persa antes de su introducción y comercialización en la <a title="India" href="https://es.wikipedia.org/wiki/India">India</a>.</p>
<p style="text-align: justify">Los soldados que volvían de las colonias británicas llevaban chales de cachemira y la <a title="Compañía Británica de las Indias Orientales" href="https://es.wikipedia.org/wiki/Compa%C3%B1%C3%ADa_Brit%C3%A1nica_de_las_Indias_Orientales">Compañía de la Indias</a> siguió importándolos. Las primeras imitaciones se hacía en telares manuales, pero a partir de 1820 se realizaron en <a title="Telar de Jacquard" href="https://es.wikipedia.org/wiki/Telar_de_Jacquard">telares de Jacquard</a>.<sup id="cite_ref-Victoriana_2-0" class="reference separada"></sup></p>
<p style="text-align: justify">Entre 1800 y 1850, aproximadamente, los tejedores de la ciudad de <a title="Paisley" href="https://es.wikipedia.org/wiki/Paisley">Paisley</a> (Escocia), fueron los mayores productores de estos chales de cachemir (imitados), que se hicieron populares entre el pueblo anglosajón con el nombre de diseño &#8220;Paisley&#8221;. Primero consiguieron trabajar el tejido del chal con cinco colores distintos, mientras que el resto de la industria lo hacía solamente con dos.<sup id="cite_ref-Victoriana_2-1" class="reference separada"></sup> Hacia 1860, en Paisley podían tejer chales con quince colores, que todavía no era más que la cuarta parte de los colores que presentaban los chales que se seguían importando de la región de Cachemira.</p>
<p style="text-align: justify">Durante los siglos XVIII y XIX estos chales estuvieron tan cotizados que se imitaron en lana y <strong>en </strong><a title="Seda" href="https://es.wikipedia.org/wiki/Seda"><strong>seda</strong></a>. En origen el diseño se fabricaba en un <a title="Telar" href="https://es.wikipedia.org/wiki/Telar">telar</a> (es decir, con hilos de seda y lanas de diversos colores que entretejían el diseño).</p>
<p style="text-align: justify"> Poco más tarde en <a title="Inglaterra" href="https://es.wikipedia.org/wiki/Inglaterra">Inglaterra</a> y en <a title="Países Bajos" href="https://es.wikipedia.org/wiki/Pa%C3%ADses_Bajos">Países Bajos</a> se siguió la misma técnica de estampado de cachemira. La llegada del estampado abarató los precios y a mediados de siglo los primeros grandes productores de Paisley se encontraban en la bancarrota. Sin embargo, los chales originales de Cachemira siguieron importándose. Aquellas familias que los poseían los consideraban un tesoro familiar, pues cada uno tenía el valor de una pequeña casa. <sup id="cite_ref-3" class="reference separada"></sup>​</p>
<p style="text-align: justify"> Se encuentra en muy buen estado de conservación. Muy elegante y original. El mantón está rodeado por  flecos  de color beige dorados, todos anudados a  mano.</p>
<p>Sus medidas son 135cm por 140 cm mas 30 cm de flecos.</p>
<p>&nbsp;</p>
