{"id":16258,"date":"2020-12-06T20:25:18","date_gmt":"2020-12-06T20:25:18","guid":{"rendered":"https:\/\/mantonesdelsur.com\/?post_type=product&#038;p=16258"},"modified":"2025-10-15T13:26:38","modified_gmt":"2025-10-15T13:26:38","slug":"manton-chal-cantones-m118","status":"publish","type":"product","link":"https:\/\/mantonesdelsur.com\/en\/producto\/embroidered-shawls\/manton-chal-cantones-m118\/","title":{"rendered":"Mant\u00f3n Chal Canton\u00e9s (M118)"},"content":{"rendered":"","protected":false},"excerpt":{"rendered":"<p>Mant\u00f3n-Chal de Manila Imperio, Canton\u00e9s (China), muy antiguo del ultimo tercio del Siglo XIX, bordado en una magnifica seda fr\u00eda realizada en telar, de un color beige-amarilla clara.<\/p>\n<p>Una amplia cenefa de flores\u00a0 y hojas recorre todo el chal, teniendo en cxa una de las esquinas un magnifico bordado de una ceta con flores, hojas, mariposas, lazos, grecas, de colores vibrantes, donde destacan los verdes, los rosas, los azules, los amarillos etc, que hace que el bordado destaque sobre el fondo de la seda, destacando un refinado dise\u00f1o de\u00a0 flores y hojas en su cesto. \u00a0Se encuentra en muy\u00a0 buen estado de conservaci\u00f3n.<\/p>\n<p>La ejecuci\u00f3n magistral, con puntada corta y apretada, donde no se distingue el derecho del rev\u00e9s, y con flecos y macrame en los dos lados estrechos y opuestos del chal .Los flecos y macram\u00e9 anudados a mano, cortos, que se\u00f1alan la antig\u00fcedad del mismo. Sus medidas son 260 cm de largo por 75 cm de ancho, m\u00e1s 35 cm de enrejado y flecos.<\/p>\n","protected":false},"featured_media":48962,"template":"","meta":[],"product_brand":[],"product_cat":[17,16],"product_tag":[57,58,43,41,40,46,49,45,48,59,60,42,47,44],"class_list":["post-16258","product","type-product","status-publish","has-post-thumbnail","product_cat-chal-bordado","product_cat-manton-de-manila","product_tag-accesorio-de-fiesta","product_tag-accesorio-vintage","product_tag-bordado","product_tag-manila","product_tag-manton","product_tag-manton-bordado","product_tag-manton-de-flamenca","product_tag-manton-de-manila","product_tag-manton-manila-antiguo","product_tag-manton-para-fiesta","product_tag-manton-vintage","product_tag-mantones","product_tag-mantones-antiguos","product_tag-mantones-de-manila","first","instock","taxable","shipping-taxable","product-type-simple"],"_links":{"self":[{"href":"https:\/\/mantonesdelsur.com\/en\/wp-json\/wp\/v2\/product\/16258","targetHints":{"allow":["GET"]}}],"collection":[{"href":"https:\/\/mantonesdelsur.com\/en\/wp-json\/wp\/v2\/product"}],"about":[{"href":"https:\/\/mantonesdelsur.com\/en\/wp-json\/wp\/v2\/types\/product"}],"wp:featuredmedia":[{"embeddable":true,"href":"https:\/\/mantonesdelsur.com\/en\/wp-json\/wp\/v2\/media\/48962"}],"wp:attachment":[{"href":"https:\/\/mantonesdelsur.com\/en\/wp-json\/wp\/v2\/media?parent=16258"}],"wp:term":[{"taxonomy":"product_brand","embeddable":true,"href":"https:\/\/mantonesdelsur.com\/en\/wp-json\/wp\/v2\/product_brand?post=16258"},{"taxonomy":"product_cat","embeddable":true,"href":"https:\/\/mantonesdelsur.com\/en\/wp-json\/wp\/v2\/product_cat?post=16258"},{"taxonomy":"product_tag","embeddable":true,"href":"https:\/\/mantonesdelsur.com\/en\/wp-json\/wp\/v2\/product_tag?post=16258"}],"curies":[{"name":"wp","href":"https:\/\/api.w.org\/{rel}","templated":true}]}}

Mantón Chal Cantonés (M118)

<p>Mantón-Chal de Manila Imperio, Cantonés (China), muy antiguo del ultimo tercio del Siglo XIX, bordado en una magnifica seda fría realizada en telar, de un color beige-amarilla clara.</p>
<p>Una amplia cenefa de flores  y hojas recorre todo el chal, teniendo en cxa una de las esquinas un magnifico bordado de una ceta con flores, hojas, mariposas, lazos, grecas, de colores vibrantes, donde destacan los verdes, los rosas, los azules, los amarillos etc, que hace que el bordado destaque sobre el fondo de la seda, destacando un refinado diseño de  flores y hojas en su cesto.  Se encuentra en muy  buen estado de conservación.</p>
<p>La ejecución magistral, con puntada corta y apretada, donde no se distingue el derecho del revés, y con flecos y macrame en los dos lados estrechos y opuestos del chal .Los flecos y macramé anudados a mano, cortos, que señalan la antigüedad del mismo. Sus medidas son 260 cm de largo por 75 cm de ancho, más 35 cm de enrejado y flecos.</p>
