{"id":1562,"date":"2018-04-09T13:23:18","date_gmt":"2018-04-09T13:23:18","guid":{"rendered":"https:\/\/mantonesdelsur.com\/?post_type=product&#038;p=1562"},"modified":"2025-12-21T20:52:36","modified_gmt":"2025-12-21T20:52:36","slug":"manton-de-manila-cantones-m033","status":"publish","type":"product","link":"https:\/\/mantonesdelsur.com\/en\/producto\/canton-shawls\/manton-de-manila-cantones-m033\/","title":{"rendered":"Mant\u00f3n de Manila Cantones (M033)"},"content":{"rendered":"","protected":false},"excerpt":{"rendered":"<p style=\"text-align: justify\">Espectacular mant\u00f3n de Manila Canton\u00e9s, de principios del siglo XX. Bordado en seda en color beige . Con m\u00faltiples motivos de hojas, nubes, flores y cintas, etc formando cadenas de guirnadas entrelazadas.<\/p>\n<p>Con una cenefa bordada discreta de hojas y flores encadenadas unas a otras, y con un pa\u00f1o central de nubes en forma de roleos y una gran cenefa de hojitas que enmarcan flores de ciolores. Destacan los azules, los plomos, los rojos, los naranjas, los lilas, malvas etc.<\/p>\n<p style=\"text-align: justify\">Bordados minucioso en su ejecuci\u00f3n, muy tupido, con puntadas apretadas y doble cenefa. Se encuentra en excelente y\u00a0 magn\u00edfico estado de conservaci\u00f3n. Maravilloso y muy elegante. Buen fleco sin macram\u00e9.<\/p>\n<p>Es un manton peque\u00f1o, comodo de usar, no pesa absolutamente nada cuyas mediadas aproximadas son 125 cm por 130 cm, mas unos 45 cm de flecos y macram\u00e9.<\/p>\n<p>[contact-form][contact-field label=&#8221;Nombre&#8221; type=&#8221;name&#8221; required=&#8221;true&#8221; \/][contact-field label=&#8221;Correo electr\u00f3nico&#8221; type=&#8221;email&#8221; required=&#8221;true&#8221; \/][contact-field label=&#8221;Mensaje&#8221; type=&#8221;textarea&#8221; \/][\/contact-form]<\/p>\n","protected":false},"featured_media":43103,"template":"","meta":[],"product_brand":[],"product_cat":[16],"product_tag":[43,41,40,46,49,45,48,60,42,47,44],"class_list":["post-1562","product","type-product","status-publish","has-post-thumbnail","product_cat-manton-de-manila","product_tag-bordado","product_tag-manila","product_tag-manton","product_tag-manton-bordado","product_tag-manton-de-flamenca","product_tag-manton-de-manila","product_tag-manton-manila-antiguo","product_tag-manton-vintage","product_tag-mantones","product_tag-mantones-antiguos","product_tag-mantones-de-manila","first","instock","sold-individually","taxable","shipping-taxable","purchasable","product-type-simple"],"_links":{"self":[{"href":"https:\/\/mantonesdelsur.com\/en\/wp-json\/wp\/v2\/product\/1562","targetHints":{"allow":["GET"]}}],"collection":[{"href":"https:\/\/mantonesdelsur.com\/en\/wp-json\/wp\/v2\/product"}],"about":[{"href":"https:\/\/mantonesdelsur.com\/en\/wp-json\/wp\/v2\/types\/product"}],"wp:featuredmedia":[{"embeddable":true,"href":"https:\/\/mantonesdelsur.com\/en\/wp-json\/wp\/v2\/media\/43103"}],"wp:attachment":[{"href":"https:\/\/mantonesdelsur.com\/en\/wp-json\/wp\/v2\/media?parent=1562"}],"wp:term":[{"taxonomy":"product_brand","embeddable":true,"href":"https:\/\/mantonesdelsur.com\/en\/wp-json\/wp\/v2\/product_brand?post=1562"},{"taxonomy":"product_cat","embeddable":true,"href":"https:\/\/mantonesdelsur.com\/en\/wp-json\/wp\/v2\/product_cat?post=1562"},{"taxonomy":"product_tag","embeddable":true,"href":"https:\/\/mantonesdelsur.com\/en\/wp-json\/wp\/v2\/product_tag?post=1562"}],"curies":[{"name":"wp","href":"https:\/\/api.w.org\/{rel}","templated":true}]}}

Mantón de Manila Cantones (M033)

<p style="text-align: justify">Espectacular mantón de Manila Cantonés, de principios del siglo XX. Bordado en seda en color beige . Con múltiples motivos de hojas, nubes, flores y cintas, etc formando cadenas de guirnadas entrelazadas.</p>
<p>Con una cenefa bordada discreta de hojas y flores encadenadas unas a otras, y con un paño central de nubes en forma de roleos y una gran cenefa de hojitas que enmarcan flores de ciolores. Destacan los azules, los plomos, los rojos, los naranjas, los lilas, malvas etc.</p>
<p style="text-align: justify">Bordados minucioso en su ejecución, muy tupido, con puntadas apretadas y doble cenefa. Se encuentra en excelente y  magnífico estado de conservación. Maravilloso y muy elegante. Buen fleco sin macramé.</p>
<p>Es un manton pequeño, comodo de usar, no pesa absolutamente nada cuyas mediadas aproximadas son 125 cm por 130 cm, mas unos 45 cm de flecos y macramé.</p>
<p>[contact-form][contact-field label=&#8221;Nombre&#8221; type=&#8221;name&#8221; required=&#8221;true&#8221; /][contact-field label=&#8221;Correo electrónico&#8221; type=&#8221;email&#8221; required=&#8221;true&#8221; /][contact-field label=&#8221;Mensaje&#8221; type=&#8221;textarea&#8221; /][/contact-form]</p>
