{"id":14719,"date":"2020-06-21T18:31:14","date_gmt":"2020-06-21T18:31:14","guid":{"rendered":"https:\/\/mantonesdelsur.com\/?post_type=product&#038;p=14719"},"modified":"2026-03-17T23:57:39","modified_gmt":"2026-03-17T23:57:39","slug":"chal-o-mantilla-de-encaje-de-bruselas-mn143","status":"publish","type":"product","link":"https:\/\/mantonesdelsur.com\/en\/producto\/sin-categorizar\/chal-o-mantilla-de-encaje-de-bruselas-mn143\/","title":{"rendered":"Chal o mantilla de encaje de Bruselas (MN143)"},"content":{"rendered":"","protected":false},"excerpt":{"rendered":"<p style=\"text-align: justify\">Magn\u00edfico y espectacular chal de encaje de Bruselas de finales de finales del XIX, de toalla o rectangular. Bordado sobre tul de algod\u00f3n a mano (muselina). El dise\u00f1o \u00fanico.<\/p>\n<p style=\"text-align: justify\">Su tem\u00e1tica es de flores, hojas, ramas y guirnaldas. Especialmente m\u00e1s tupida en los bordes.\u00a0 Buen estado de conservaci\u00f3n. Puede ser utilizada de chal o mantilla con peina corta o mediana.<\/p>\n<p>Sus medidas son 280 cm de largo por 55 cm de ancho.<\/p>\n<p>[contact-form][contact-field label=&#8221;Nombre&#8221; type=&#8221;name&#8221;  required=&#8221;true&#8221; \/][contact-field label=&#8221;Correo electr\u00f3nico&#8221; type=&#8221;email&#8221; required=&#8221;true&#8221; \/][contact-field label=&#8221;Mensaje&#8221; type=&#8221;textarea&#8221; \/][\/contact-form]<\/p>\n","protected":false},"featured_media":14720,"template":"","meta":[],"product_brand":[],"product_cat":[14],"product_tag":[61,41,40,46,45,48,42,47,44],"class_list":["post-14719","product","type-product","status-publish","has-post-thumbnail","product_cat-mantillas-y-velos","product_tag-encaje-granadino","product_tag-manila","product_tag-manton","product_tag-manton-bordado","product_tag-manton-de-manila","product_tag-manton-manila-antiguo","product_tag-mantones","product_tag-mantones-antiguos","product_tag-mantones-de-manila","first","instock","sold-individually","taxable","shipping-taxable","purchasable","product-type-simple"],"_links":{"self":[{"href":"https:\/\/mantonesdelsur.com\/en\/wp-json\/wp\/v2\/product\/14719","targetHints":{"allow":["GET"]}}],"collection":[{"href":"https:\/\/mantonesdelsur.com\/en\/wp-json\/wp\/v2\/product"}],"about":[{"href":"https:\/\/mantonesdelsur.com\/en\/wp-json\/wp\/v2\/types\/product"}],"wp:featuredmedia":[{"embeddable":true,"href":"https:\/\/mantonesdelsur.com\/en\/wp-json\/wp\/v2\/media\/14720"}],"wp:attachment":[{"href":"https:\/\/mantonesdelsur.com\/en\/wp-json\/wp\/v2\/media?parent=14719"}],"wp:term":[{"taxonomy":"product_brand","embeddable":true,"href":"https:\/\/mantonesdelsur.com\/en\/wp-json\/wp\/v2\/product_brand?post=14719"},{"taxonomy":"product_cat","embeddable":true,"href":"https:\/\/mantonesdelsur.com\/en\/wp-json\/wp\/v2\/product_cat?post=14719"},{"taxonomy":"product_tag","embeddable":true,"href":"https:\/\/mantonesdelsur.com\/en\/wp-json\/wp\/v2\/product_tag?post=14719"}],"curies":[{"name":"wp","href":"https:\/\/api.w.org\/{rel}","templated":true}]}}

<p style="text-align: justify">Magnífico y espectacular chal de encaje de Bruselas de finales de finales del XIX, de toalla o rectangular. Bordado sobre tul de algodón a mano (muselina). El diseño único.</p>
<p style="text-align: justify">Su temática es de flores, hojas, ramas y guirnaldas. Especialmente más tupida en los bordes.  Buen estado de conservación. Puede ser utilizada de chal o mantilla con peina corta o mediana.</p>
<p>Sus medidas son 280 cm de largo por 55 cm de ancho.</p>
<p>[contact-form][contact-field label=&#8221;Nombre&#8221; type=&#8221;name&#8221;  required=&#8221;true&#8221; /][contact-field label=&#8221;Correo electrónico&#8221; type=&#8221;email&#8221; required=&#8221;true&#8221; /][contact-field label=&#8221;Mensaje&#8221; type=&#8221;textarea&#8221; /][/contact-form]</p>
