{"id":10815,"date":"2020-01-19T17:34:13","date_gmt":"2020-01-19T17:34:13","guid":{"rendered":"https:\/\/mantonesdelsur.com\/?post_type=product&#038;p=10815"},"modified":"2021-08-10T20:07:30","modified_gmt":"2021-08-10T20:07:30","slug":"manton-art-deco-m044","status":"publish","type":"product","link":"https:\/\/mantonesdelsur.com\/en\/producto\/art-deco-en\/manton-art-deco-m044\/","title":{"rendered":"Mant\u00f3n Art. Deco (M044)"},"content":{"rendered":"","protected":false},"excerpt":{"rendered":"<p>Mant\u00f3n del primer tercio del Siglo XX (1920) , de \u00e9poca Art. Dec\u00f3, bordado en\u00a0 seda color marfil semitransparente, con flores, hojas y ramas. El color es rojo-ros\u00e1ceo. En las cuatros esquinas de la seda un ramillete de flores con lazadas por todo el borde mismo.<\/p>\n<p style=\"text-align: justify\">El bordado es peculiar, ya que utiliza distintos tipos de puntadas, desde las m\u00e1s menuda (que es apretada) y\u00a0 que\u00a0 tapiza el dibujo, hasta la\u00a0 m\u00e1s gruesa (que realza el el bordado) dando relieve a las flores y profundidad al bordado (foto 7 y 8).<\/p>\n<p>Su estado de conservaci\u00f3n es bueno, si bien existen distintas \u00e1reas\u00a0 del panel central de la seda, difuminadas por el color de los bordados, pero que no le resta belleza y pasa totalmente desapercibida una\u00a0 vez puesto, ya que parece el bordado al trasluz de la seda.<\/p>\n<p style=\"text-align: justify\">Sus medidas exactas son 150 cm por 150 cm m\u00e1s\u00a0 60 cm de flecos y macram\u00e9 anudados a mano. Destaca el entrelazado del enrejado haciendo figuras hexagonales con los hilos en marfil y rojo ros\u00e1ceo.<\/p>\n","protected":false},"featured_media":16139,"template":"","meta":[],"product_brand":[],"product_cat":[100,16],"product_tag":[57,58,43,41,40,46,49,45,48,59,60,42,47,44],"class_list":["post-10815","product","type-product","status-publish","has-post-thumbnail","product_cat-art-deco","product_cat-manton-de-manila","product_tag-accesorio-de-fiesta","product_tag-accesorio-vintage","product_tag-bordado","product_tag-manila","product_tag-manton","product_tag-manton-bordado","product_tag-manton-de-flamenca","product_tag-manton-de-manila","product_tag-manton-manila-antiguo","product_tag-manton-para-fiesta","product_tag-manton-vintage","product_tag-mantones","product_tag-mantones-antiguos","product_tag-mantones-de-manila","first","instock","sold-individually","taxable","shipping-taxable","purchasable","product-type-simple"],"_links":{"self":[{"href":"https:\/\/mantonesdelsur.com\/en\/wp-json\/wp\/v2\/product\/10815","targetHints":{"allow":["GET"]}}],"collection":[{"href":"https:\/\/mantonesdelsur.com\/en\/wp-json\/wp\/v2\/product"}],"about":[{"href":"https:\/\/mantonesdelsur.com\/en\/wp-json\/wp\/v2\/types\/product"}],"wp:featuredmedia":[{"embeddable":true,"href":"https:\/\/mantonesdelsur.com\/en\/wp-json\/wp\/v2\/media\/16139"}],"wp:attachment":[{"href":"https:\/\/mantonesdelsur.com\/en\/wp-json\/wp\/v2\/media?parent=10815"}],"wp:term":[{"taxonomy":"product_brand","embeddable":true,"href":"https:\/\/mantonesdelsur.com\/en\/wp-json\/wp\/v2\/product_brand?post=10815"},{"taxonomy":"product_cat","embeddable":true,"href":"https:\/\/mantonesdelsur.com\/en\/wp-json\/wp\/v2\/product_cat?post=10815"},{"taxonomy":"product_tag","embeddable":true,"href":"https:\/\/mantonesdelsur.com\/en\/wp-json\/wp\/v2\/product_tag?post=10815"}],"curies":[{"name":"wp","href":"https:\/\/api.w.org\/{rel}","templated":true}]}}

Mantón Art. Deco (M044)

<p>Mantón del primer tercio del Siglo XX (1920) , de época Art. Decó, bordado en  seda color marfil semitransparente, con flores, hojas y ramas. El color es rojo-rosáceo. En las cuatros esquinas de la seda un ramillete de flores con lazadas por todo el borde mismo.</p>
<p style="text-align: justify">El bordado es peculiar, ya que utiliza distintos tipos de puntadas, desde las más menuda (que es apretada) y  que  tapiza el dibujo, hasta la  más gruesa (que realza el el bordado) dando relieve a las flores y profundidad al bordado (foto 7 y 8).</p>
<p>Su estado de conservación es bueno, si bien existen distintas áreas  del panel central de la seda, difuminadas por el color de los bordados, pero que no le resta belleza y pasa totalmente desapercibida una  vez puesto, ya que parece el bordado al trasluz de la seda.</p>
<p style="text-align: justify">Sus medidas exactas son 150 cm por 150 cm más  60 cm de flecos y macramé anudados a mano. Destaca el entrelazado del enrejado haciendo figuras hexagonales con los hilos en marfil y rojo rosáceo.</p>
